{"id":4216,"date":"2017-03-24T15:12:13","date_gmt":"2017-03-24T14:12:13","guid":{"rendered":"http:\/\/sklep.air360.pl\/?post_type=product&#038;p=4216"},"modified":"2021-05-17T00:06:49","modified_gmt":"2021-05-16T22:06:49","slug":"eep-wrangler-do-zbudowania-z-klockow-zdalnie-sterowany-c51001w","status":"publish","type":"product","link":"https:\/\/sklep.aveos.pl\/index.php\/produkt\/eep-wrangler-do-zbudowania-z-klockow-zdalnie-sterowany-c51001w\/","title":{"rendered":"Jeep Wrangler &#8211; do zbudowania z klock\u00f3w &#8211; ZDALNIE STEROWANY (C51001W)"},"content":{"rendered":"<p>Zbuduj w\u0142asny model RC! Jeep Wrangler to w pe\u0142ni sprawny, zdalnie sterowany model, do samodzielnego zbudowania z klock\u00f3w! Doskona\u0142a propozycja dla m\u0142odych in\u017cynier\u00f3w i artyst\u00f3w. Producent przewidzia\u0142 dwa r\u00f3\u017cne warianty jakie mo\u017cna zbudowa\u0107 z dost\u0119pnych element\u00f3w, jednak jedynym ograniczeniem jest wyobra\u017ania. Elementy wchodz\u0105ce w sk\u0142ad zestawu mo\u017cna \u0142\u0105czy\u0107 z klockami Lego, co pozwala na niesko\u0144czon\u0105 liczb\u0119 modyfikacji. Postaw na rozrywk\u0119, kt\u00f3ra rozwija kreatywno\u015b\u0107, wyobra\u017ani\u0119 i umiej\u0119tno\u015bci manualne.<\/p>\n<p><img class=\"aligncenter\" src=\"https:\/\/www.gimmik.net\/usr\/inline_images\/storage\/18361\/bat_2.jpg\" alt=\"\" \/><\/p>\n<p>Model po z\u0142o\u017ceniu rozwija pr\u0119dko\u015b\u0107 6.3 km\/h i mo\u017ce odjecha\u0107 do 30 metr\u00f3w bez utraty zasi\u0119gu! Klocki s\u0105 wytrzyma\u0142e i \u0142atwe w \u0142\u0105czeniu. Dodatkowym atutem jest fakt, \u017ce Jeep posiada wiele ruchomych element\u00f3w co sprawia, \u017ce zabawa daje jeszcze wi\u0119cej frajdy. To nie jedna z tych zabawek, kt\u00f3re nudz\u0105 si\u0119 po kilku dniach.<\/p>\n<div>\n<p><span class=\"subtitle\">Dane techniczne<\/span><\/p>\n<ul>\n<li>Pr\u0119dko\u015b\u0107: 6.3 km\/h<\/li>\n<li>Zasi\u0119g pilota: 30 m<\/li>\n<li>Bateria w samochodzie: 3.6V 400mAh<\/li>\n<li>Do uruchomienia wymagane 2 baterie AA<\/li>\n<li>Skala: 1:14<\/li>\n<li>Kolor: czerwony<\/li>\n<\/ul>\n<\/div>\n<div>\n<p><span class=\"subtitle\">Sk\u0142ad zestawu<\/span><\/p>\n<ul>\n<li>Klocki do z\u0142o\u017cenia Jeepa<\/li>\n<li>Pilot<\/li>\n<li>Bateria do auta<\/li>\n<li>\u0141adowarka<\/li>\n<\/ul>\n<\/div>\n","protected":false},"excerpt":{"rendered":"<p>Zbuduj w\u0142asny model RC! Jeep Wrangler to w pe\u0142ni sprawny, zdalnie sterowany model, do samodzielnego zbudowania z klock\u00f3w! Doskona\u0142a propozycja dla m\u0142odych in\u017cynier\u00f3w i artyst\u00f3w. Producent przewidzia\u0142 dwa r\u00f3\u017cne warianty jakie mo\u017cna zbudowa\u0107 z dost\u0119pnych element\u00f3w, jednak jedynym ograniczeniem jest wyobra\u017ania. Elementy wchodz\u0105ce w sk\u0142ad zestawu mo\u017cna \u0142\u0105czy\u0107 z klockami Lego, co pozwala na niesko\u0144czon\u0105&#8230;<\/p>\n","protected":false},"featured_media":4263,"comment_status":"open","ping_status":"closed","template":"","meta":{"_s2mail":""},"product_cat":[515],"product_tag":[],"_links":{"self":[{"href":"https:\/\/sklep.aveos.pl\/index.php\/wp-json\/wp\/v2\/product\/4216"}],"collection":[{"href":"https:\/\/sklep.aveos.pl\/index.php\/wp-json\/wp\/v2\/product"}],"about":[{"href":"https:\/\/sklep.aveos.pl\/index.php\/wp-json\/wp\/v2\/types\/product"}],"replies":[{"embeddable":true,"href":"https:\/\/sklep.aveos.pl\/index.php\/wp-json\/wp\/v2\/comments?post=4216"}],"wp:featuredmedia":[{"embeddable":true,"href":"https:\/\/sklep.aveos.pl\/index.php\/wp-json\/wp\/v2\/media\/4263"}],"wp:attachment":[{"href":"https:\/\/sklep.aveos.pl\/index.php\/wp-json\/wp\/v2\/media?parent=4216"}],"wp:term":[{"taxonomy":"product_cat","embeddable":true,"href":"https:\/\/sklep.aveos.pl\/index.php\/wp-json\/wp\/v2\/product_cat?post=4216"},{"taxonomy":"product_tag","embeddable":true,"href":"https:\/\/sklep.aveos.pl\/index.php\/wp-json\/wp\/v2\/product_tag?post=4216"}],"curies":[{"name":"wp","href":"https:\/\/api.w.org\/{rel}","templated":true}]}}