{"id":4538,"date":"2017-04-06T15:57:22","date_gmt":"2017-04-06T13:57:22","guid":{"rendered":"http:\/\/sklep.air360.pl\/?post_type=product&#038;p=4538"},"modified":"2021-09-30T11:17:22","modified_gmt":"2021-09-30T09:17:22","slug":"okret-podwodny-u-boot-148-artr","status":"publish","type":"product","link":"https:\/\/sklep.aveos.pl\/index.php\/produkt\/okret-podwodny-u-boot-148-artr\/","title":{"rendered":"Okr\u0119t podwodny U-BOOT 1:48 ARTR"},"content":{"rendered":"<p>Replika modelu okr\u0119tu podwodnego z czas\u00f3w II wojnie \u015bwiatowej wykonana przez firm\u0119 Graupner.<\/p>\n<p>Realistyczna replika okr\u0119tu VII klasy, oficjalnie nazywany Type VII. By\u0142a to seria budowy niemieckich okr\u0119t\u00f3w podwodnych w II wojnie \u015bwiatowej. Najcz\u0119\u015bciej produkowana klasa U-Boat. Charakterystyczne dla Typ-VII by\u0142y zewn\u0119trzne zbiorniki paliwa, tak zwane zbiorniki siode\u0142, znajduj\u0105ce si\u0119 w bocznych wybrzuszeniach kad\u0142uba. Okr\u0119t osi\u0105gn\u0105\u0142 najwi\u0119ksz\u0105 g\u0142\u0119boko\u015b\u0107 nurkowania wszystkich okr\u0119t\u00f3w podwodnych budowanych podczas II wojny \u015bwiatowej. Model najwy\u017cszej klasy jako\u015bci z perfekcyjnie wykonanymi detalami.<\/p>\n<p>Bardzo prosty w monta\u017cu i obs\u0142udze model daje maksymaln\u0105 przyjmno\u015b\u0107 przez d\u0142u\u017cszy czas zabawy.<\/p>\n<p>Model w wersji Almost-Ready-to-Run (A<abbr class=\"m3dict\" title=\"Ready To Run, czyli gotowy do zabawy po wyj\u0119ciu z pude\u0142ka\">RTR<\/abbr>). Do modelu nale\u017cy dodatkowo dokupi\u0107 aparatur\u0119 (co najmniej 6-kana\u0142ow\u0105), akumulator NiMH 7,2V oraz \u0142adowark\u0119.<\/p>\n<p><b>PRODUKT NA ZAM\u00d3WIENIE<\/b><\/p>\n<div><span class=\"subtitle\">Dane techniczne<\/span><\/p>\n<ul>\n<li>Skala: 1:48<\/li>\n<li>Ca\u0142kowita d\u0142ugo\u015b\u0107: ok. 1390mm<\/li>\n<li>Wysoko\u015b\u0107: ok.290mm<\/li>\n<li>Waga: ok.7500g<\/li>\n<\/ul>\n<\/div>\n<div><span class=\"subtitle\">Sk\u0142ad zestawu<\/span><\/p>\n<ul>\n<li>Model okr\u0119tu podwodnego U-Boot 1:48<\/li>\n<\/ul>\n<\/div>\n","protected":false},"excerpt":{"rendered":"<p>Replika modelu okr\u0119tu podwodnego z czas\u00f3w II wojnie \u015bwiatowej wykonana przez firm\u0119 Graupner. Realistyczna replika okr\u0119tu VII klasy, oficjalnie nazywany Type VII. By\u0142a to seria budowy niemieckich okr\u0119t\u00f3w podwodnych w II wojnie \u015bwiatowej. Najcz\u0119\u015bciej produkowana klasa U-Boat. Charakterystyczne dla Typ-VII by\u0142y zewn\u0119trzne zbiorniki paliwa, tak zwane zbiorniki siode\u0142, znajduj\u0105ce si\u0119 w bocznych wybrzuszeniach kad\u0142uba. Okr\u0119t&#8230;<\/p>\n","protected":false},"featured_media":4540,"comment_status":"open","ping_status":"closed","template":"","meta":{"_s2mail":""},"product_cat":[495],"product_tag":[],"_links":{"self":[{"href":"https:\/\/sklep.aveos.pl\/index.php\/wp-json\/wp\/v2\/product\/4538"}],"collection":[{"href":"https:\/\/sklep.aveos.pl\/index.php\/wp-json\/wp\/v2\/product"}],"about":[{"href":"https:\/\/sklep.aveos.pl\/index.php\/wp-json\/wp\/v2\/types\/product"}],"replies":[{"embeddable":true,"href":"https:\/\/sklep.aveos.pl\/index.php\/wp-json\/wp\/v2\/comments?post=4538"}],"wp:featuredmedia":[{"embeddable":true,"href":"https:\/\/sklep.aveos.pl\/index.php\/wp-json\/wp\/v2\/media\/4540"}],"wp:attachment":[{"href":"https:\/\/sklep.aveos.pl\/index.php\/wp-json\/wp\/v2\/media?parent=4538"}],"wp:term":[{"taxonomy":"product_cat","embeddable":true,"href":"https:\/\/sklep.aveos.pl\/index.php\/wp-json\/wp\/v2\/product_cat?post=4538"},{"taxonomy":"product_tag","embeddable":true,"href":"https:\/\/sklep.aveos.pl\/index.php\/wp-json\/wp\/v2\/product_tag?post=4538"}],"curies":[{"name":"wp","href":"https:\/\/api.w.org\/{rel}","templated":true}]}}