{"id":4924,"date":"2017-04-28T13:02:59","date_gmt":"2017-04-28T11:02:59","guid":{"rendered":"http:\/\/sklep.aveos.pl\/?post_type=product&#038;p=4924"},"modified":"2023-07-18T15:23:45","modified_gmt":"2023-07-18T13:23:45","slug":"vrx-1e-2-4ghz-bezszczotkowy","status":"publish","type":"product","link":"https:\/\/sklep.aveos.pl\/index.php\/produkt\/vrx-1e-2-4ghz-bezszczotkowy\/","title":{"rendered":"VRX-1E 2.4GHz &#8211; bezszczotkowy"},"content":{"rendered":"<p><strong>VRX-1E <abbr class=\"m3dict\" title=\"System radiowy wysokiej cz\u0119stotliwo\u015bci odpornej na zak\u0142\u00f3cenia o znacznie wi\u0119kszym zasi\u0119gu. Coraz bardziej wypiera systemy radiowe o niskich cz\u0119stotliwo\u015bciach tj. 27, 35, 40, 49, 72MHz.\">2.4GHz<\/abbr> to najbardziej oczekiwana premiera elektrycznego modelu w skali 1:8.<\/strong><\/p>\n<p>Jest to najwi\u0119kszy i najszybszy model elektrycznym z nap\u0119dem <abbr class=\"m3dict\" title=\"Nap\u0119d na 2 osie, czyli na 4 ko\u0142a.\">4WD<\/abbr>. Auto zostalo wykonane w zawodniczej du\u017cej skali 1:8. <strong>Charakteryzuje je bardzo szeroki rozstaw k\u00f3\u0142 i niskie zawieszenie.<\/strong> Takie rozwi\u0105zanie gwarantuje stabilno\u015b\u0107 przy du\u017cych pr\u0119dko\u015bciach, na zakr\u0119tach i szykanach a tak\u017ce podczas skok\u00f3w. Odpowiedni prze\u015bwit i <strong>pot\u0119\u017cne ko\u0142a to obietnica jazdy w ka\u017cdym terenie!<\/strong><\/p>\n<p>Pot\u0119\u017cny bezszczotkowy silnik w ci\u0105gu kilku sekund rozp\u0119dza tego kolosa do ok. 100km\/h! <strong>Pod wzgl\u0119dem przyspieszenia nasz VRX-1E nie ma sobie r\u00f3wnych! Ust\u0119puj\u0105 mu nawet modele z nap\u0119dem nitro.<\/strong><\/p>\n<p>Prezentowany VRX 1E, to model rc typu <abbr class=\"m3dict\" title=\"Ready To Run, czyli gotowy do zabawy po wyj\u0119ciu z pude\u0142ka\">RTR<\/abbr>, czyli gotowy do jazdy od razu po wyj\u0119ciu z pude\u0142ka, jedyne czego potrzebujesz to 8szt baterii AA (zwyk\u0142e &#8220;paluszki&#8221;) do nadajnika, kt\u00f3re r\u00f3wnie\u017c mo\u017cesz kupi\u0107 w naszym sklepie.<\/p>\n<p>Zapewniamy pe\u0142n\u0105 dost\u0119pno\u015b\u0107 cz\u0119\u015bci zamiennych, dodatkowe akcesoria tj. diody, akumulatory, \u0142adowarki oraz polskoj\u0119zyczn\u0105 instrukcj\u0119 obs\u0142ugi i najwi\u0119kszy wyb\u00f3r karoserii.<\/p>\n<p>&nbsp;<\/p>\n<div><span class=\"subtitle\">Dane techniczne<\/span><\/p>\n<ul>\n<li>Skala: 1:8<\/li>\n<li>D\u0142ugo\u015b\u0107 ca\u0142kowita: 550mm<\/li>\n<li>Ca\u0142kowita szeroko\u015b\u0107: 440mm<\/li>\n<li>Wysoko\u015b\u0107: 205mm<\/li>\n<li>Rozstaw osi: 365mm<\/li>\n<li>Zewn\u0119trzna szeroko\u015b\u0107: 359mm<\/li>\n<li>Tylnych k\u00f3\u0142: 359mm<\/li>\n<li>\u015arednica ko\u0142a: 115mm<\/li>\n<li>Szeroko\u015b\u0107 k\u00f3\u0142: 42mm<\/li>\n<li>Prze\u015bwit: 35mm<\/li>\n<li>Regulator obrot\u00f3w: 80A<\/li>\n<li>Silnik: elektryczny bezszczotkowy<\/li>\n<li>Akumulator: 2x 7.4V 3250mAh Lipo<\/li>\n<li>Radio: pistoletowe <abbr class=\"m3dict\" title=\"System radiowy wysokiej cz\u0119stotliwo\u015bci odpornej na zak\u0142\u00f3cenia o znacznie wi\u0119kszym zasi\u0119gu. Coraz bardziej wypiera systemy radiowe o niskich cz\u0119stotliwo\u015bciach tj. 27, 35, 40, 49, 72MHz.\">2.4GHz<\/abbr> 2CH<\/li>\n<\/ul>\n<\/div>\n<div><span class=\"subtitle\">Sk\u0142ad zestawu<\/span><\/p>\n<ul>\n<li>Model VRX-1E z silnikiem beszczotkowym<\/li>\n<li>Radio pistoletowe <abbr class=\"m3dict\" title=\"System radiowy wysokiej cz\u0119stotliwo\u015bci odpornej na zak\u0142\u00f3cenia o znacznie wi\u0119kszym zasi\u0119gu. Coraz bardziej wypiera systemy radiowe o niskich cz\u0119stotliwo\u015bciach tj. 27, 35, 40, 49, 72MHz.\">2.4GHz<\/abbr> 2CH<\/li>\n<li>2x Pakiet 7.4V 3250mAh<\/li>\n<li>\u0141adowarka sieciowa<\/li>\n<li>Polskoj\u0119zyczna instrukcja obs\u0142ugi<\/li>\n<\/ul>\n<\/div>\n","protected":false},"excerpt":{"rendered":"<p>VRX-1E 2.4GHz to najbardziej oczekiwana premiera elektrycznego modelu w skali 1:8. Jest to najwi\u0119kszy i najszybszy model elektrycznym z nap\u0119dem 4WD. Auto zostalo wykonane w zawodniczej du\u017cej skali 1:8. Charakteryzuje je bardzo szeroki rozstaw k\u00f3\u0142 i niskie zawieszenie. Takie rozwi\u0105zanie gwarantuje stabilno\u015b\u0107 przy du\u017cych pr\u0119dko\u015bciach, na zakr\u0119tach i szykanach a tak\u017ce podczas skok\u00f3w. Odpowiedni prze\u015bwit&#8230;<\/p>\n","protected":false},"featured_media":4925,"comment_status":"open","ping_status":"closed","template":"","meta":{"_s2mail":""},"product_cat":[487],"product_tag":[],"_links":{"self":[{"href":"https:\/\/sklep.aveos.pl\/index.php\/wp-json\/wp\/v2\/product\/4924"}],"collection":[{"href":"https:\/\/sklep.aveos.pl\/index.php\/wp-json\/wp\/v2\/product"}],"about":[{"href":"https:\/\/sklep.aveos.pl\/index.php\/wp-json\/wp\/v2\/types\/product"}],"replies":[{"embeddable":true,"href":"https:\/\/sklep.aveos.pl\/index.php\/wp-json\/wp\/v2\/comments?post=4924"}],"wp:featuredmedia":[{"embeddable":true,"href":"https:\/\/sklep.aveos.pl\/index.php\/wp-json\/wp\/v2\/media\/4925"}],"wp:attachment":[{"href":"https:\/\/sklep.aveos.pl\/index.php\/wp-json\/wp\/v2\/media?parent=4924"}],"wp:term":[{"taxonomy":"product_cat","embeddable":true,"href":"https:\/\/sklep.aveos.pl\/index.php\/wp-json\/wp\/v2\/product_cat?post=4924"},{"taxonomy":"product_tag","embeddable":true,"href":"https:\/\/sklep.aveos.pl\/index.php\/wp-json\/wp\/v2\/product_tag?post=4924"}],"curies":[{"name":"wp","href":"https:\/\/api.w.org\/{rel}","templated":true}]}}