{"id":4947,"date":"2017-04-28T16:58:08","date_gmt":"2017-04-28T14:58:08","guid":{"rendered":"http:\/\/sklep.aveos.pl\/?post_type=product&#038;p=4947"},"modified":"2023-07-18T15:27:19","modified_gmt":"2023-07-18T13:27:19","slug":"coyote-ebl-2-4ghz-rtr-bezszczotkowy","status":"publish","type":"product","link":"https:\/\/sklep.aveos.pl\/index.php\/produkt\/coyote-ebl-2-4ghz-rtr-bezszczotkowy\/","title":{"rendered":"Coyote EBL 2.4GHz RTR &#8211; bezszczotkowy"},"content":{"rendered":"<p><strong>Bezszczotkowy <\/strong>Coyote EBL marki VRX Racing to najlepszy pomys\u0142 na bardzo szybki, ale \u0142atwy w eksploatacji model. Ju\u017c na pierwszy rzut oka wida\u0107, \u017ce Coyote ma w sobie to co\u015b. <strong>Wzorowany na ameryka\u0144skich SUV-ach<\/strong>, czyli samochodach sportowo-u\u017cytkowych \u0142\u0105cz\u0105cych w sobie cechy pojazd\u00f3w osobowych i terenowych <strong>zachowuje ich dynamiczn\u0105 sylwetk\u0119, w\u0142a\u015bciwo\u015bci jezdne oraz wysok\u0105 jako\u015b\u0107 wykonania.<\/strong> Przy tym Coyote pozostaje modelem przyjaznym w opanowaniu i eksploatacji nawet dla pocz\u0105tkuj\u0105cych kierowc\u00f3w<strong>.<\/strong><br \/>\n<img class=\"aligncenter\" src=\"https:\/\/www.gimmik.net\/usr\/inline_images\/storage\/16013\/1.jpg\" alt=\"\" \/><br \/>\n<strong><br \/>\nCoyote zosta\u0142 wyposa\u017cony w szereg unikalnych rozwi\u0105za\u0144:<\/strong><\/p>\n<ul>\n<li>nowoczesny nap\u0119d na 4 ko\u0142a z systemem chroni\u0105cym z\u0119batki przed nadmiernym zu\u017cyciem w wyniku \u015blizgania si\u0119,<\/li>\n<li>przebudowan\u0105 przek\u0142adni\u0119 dla obni\u017cenia \u015brodka ci\u0119\u017cko\u015bci,<\/li>\n<li>wzmocnione i przeprojektowane wahacze,<\/li>\n<li>wprowadzono mo\u017cliwo\u015b\u0107 regulacji rozstawu osi na piastach,<\/li>\n<li>w uk\u0142adzie kierowniczym pojawi\u0142y si\u0119 p\u00f3\u0142osie nap\u0119dowe z wa\u0142ami kardana,<\/li>\n<li>podwozie zyska\u0142o na sztywno\u015bci dzi\u0119ki wzmocnionej p\u0142ycie g\u00f3rnej.<\/li>\n<li>ca\u0142a konstrukcja zosta\u0142a zaprojektowana w taki spos\u00f3b, aby u\u0142atwi\u0107 serwisowanie modelu i wprowadzanie modyfikacji.<\/li>\n<\/ul>\n<p><img class=\"aligncenter\" src=\"https:\/\/www.gimmik.net\/usr\/inline_images\/storage\/16013\/4.jpg\" alt=\"\" \/><\/p>\n<p>Konstrukcja typu SUV<strong> pozwala zar\u00f3wno na rozwijanie du\u017cych szybko\u015bci na asfalcie jak i jazd\u0119 off-roadow\u0105 po niemal ka\u017cdej nawierzchni.<\/strong> <strong id=\"tinymce\" class=\"mceContentBody \" dir=\"ltr\">Szeroki rozstaw i du\u017ce ko\u0142a o wymiarach 104 x 43mm<\/strong> gwarantuj\u0105 stabilno\u015b\u0107 na zakr\u0119tach, a odpowiedni prze\u015bwit i nowoczesny nap\u0119d 4&#215;4 pozwol\u0105 poszale\u0107 na nier\u00f3wno\u015bciach. Dok\u0142adne dopasowanie modelu do warunk\u00f3w umo\u017cliwia <strong>regulowane zawieszenie<\/strong>. Aby zapewni\u0107 trwa\u0142\u0105 i niezawodn\u0105 eksploatacj\u0119 model wyposa\u017cono w<strong> metalowe z\u0119batki dyferencja\u0142\u00f3w<\/strong>. Cz\u0119\u015bci plastikowe zosta\u0142y wykonane z tworzyw o podwy\u017cszonej elastyczno\u015bci dzi\u0119ki czemu s\u0105 mniej nara\u017cone na p\u0119kni\u0119cia. Do modelu do\u0142\u0105czone jest nowoczesne, pistoletowe<strong> radio <abbr class=\"m3dict\" title=\"System radiowy wysokiej cz\u0119stotliwo\u015bci odpornej na zak\u0142\u00f3cenia o znacznie wi\u0119kszym zasi\u0119gu. Coraz bardziej wypiera systemy radiowe o niskich cz\u0119stotliwo\u015bciach tj. 27, 35, 40, 49, 72MHz.\">2.4GHz<\/abbr> o bardzo du\u017cym zasi\u0119gu<\/strong> &#8211; pr\u0119dzej model zniknie z pola widzenia oczu ni\u017c utraci sygna\u0142 z nadajnika. Coyote to model elektryczny, wi\u0119c w razie gorszej pogody mo\u017cna bawi\u0107 si\u0119 nim nawet w domu.<br \/>\n<img class=\"aligncenter\" src=\"https:\/\/www.gimmik.net\/usr\/inline_images\/storage\/16013\/2.jpg\" alt=\"\" \/><br \/>\n<strong>Niezawodny, tr\u00f3jfazowy silnik<\/strong> daje przyspieszenia jakich nie maj\u0105 nawet samochody z nap\u0119dem nitro! Prac\u0105 tej pot\u0119\u017cnej jednostki steruje specjalny <abbr class=\"m3dict\" title=\"Urz\u0105dzenie elektroniczne odpowiedzialne za sterowanie obrotami silnika. Po\u0142\u0105czone bezpo\u015brednio z silnikiem, odbiornikiem i akumulatorem zasilaj\u0105cym model. Stanowi\u0105 \"><abbr class=\"m3dict\" title=\"Urz\u0105dzenie elektroniczne odpowiedzialne za sterowanie obrotami silnika. Po\u0142\u0105czone bezpo\u015brednio z silnikiem, odbiornikiem i akumulatorem zasilaj\u0105cym model. Stanowi\u0105 &quot;serce&quot; modelu zdalnie sterowanego.\">regulator<\/abbr><\/abbr> obrot\u00f3w ch\u0142odzony radiatorem z wiatrakiem. Dodatkowym zabezpieczeniem kontrolera jest specjalny elektroniczny system, kt\u00f3ry wy\u0142\u0105cza model w razie przegrzania <abbr class=\"m3dict\" title=\"Urz\u0105dzenie elektroniczne odpowiedzialne za sterowanie obrotami silnika. Po\u0142\u0105czone bezpo\u015brednio z silnikiem, odbiornikiem i akumulatorem zasilaj\u0105cym model. Stanowi\u0105 \"><abbr class=\"m3dict\" title=\"Urz\u0105dzenie elektroniczne odpowiedzialne za sterowanie obrotami silnika. Po\u0142\u0105czone bezpo\u015brednio z silnikiem, odbiornikiem i akumulatorem zasilaj\u0105cym model. Stanowi\u0105 &quot;serce&quot; modelu zdalnie sterowanego.\">regulator<\/abbr><\/abbr>a. Zasilanie silnika zapewnia nowoczesna <strong>bateria Li-Po 7,4V w twardej obudowie o pojemno\u015bci a\u017c 3250mAh<\/strong> !<\/p>\n<p><img class=\"aligncenter\" src=\"https:\/\/www.gimmik.net\/usr\/inline_images\/storage\/16011\/Przechwytywanie.JPG\" alt=\"\" \/><img class=\"aligncenter\" src=\"https:\/\/www.gimmik.net\/usr\/inline_images\/storage\/16013\/5.jpg\" alt=\"\" \/><br \/>\nPrezentowany Coyote EBL <abbr class=\"m3dict\" title=\"System radiowy wysokiej cz\u0119stotliwo\u015bci odpornej na zak\u0142\u00f3cenia o znacznie wi\u0119kszym zasi\u0119gu. Coraz bardziej wypiera systemy radiowe o niskich cz\u0119stotliwo\u015bciach tj. 27, 35, 40, 49, 72MHz.\">2.4GHz<\/abbr>, to samoch\u00f3d RC typu <abbr class=\"m3dict\" title=\"Ready To Run, czyli gotowy do zabawy po wyj\u0119ciu z pude\u0142ka\">RTR<\/abbr>, czyli gotowy do jazdy od razu po wyj\u0119ciu z pude\u0142ka, jedyne czego potrzebujesz to 8szt baterii AA (zwyk\u0142e &#8220;paluszki&#8221;) do nadajnika, kt\u00f3re r\u00f3wnie\u017c mo\u017cesz kupi\u0107 w naszym sklepie.<\/p>\n<div><span class=\"subtitle\">Dane techniczne<\/span><\/p>\n<ul>\n<li>Skala: 1:10<\/li>\n<li>D\u0142ugo\u015b\u0107: 520mm<\/li>\n<li>Szeroko\u015b\u0107: 290mm<\/li>\n<li>Wysoko\u015b\u0107: 145mm<\/li>\n<li>Ko\u0142a: 104x43mm<\/li>\n<li>Rozstaw osi: 320mm<\/li>\n<li>Silnik: bezszczotkowy<\/li>\n<li>Kontroler ESC: 45A (7.4-11.1 Li-Po)<\/li>\n<li>Bateria: LiPo 7.4V 3250mAh<\/li>\n<li>Pr\u0119dko\u015b\u0107: 80km\/h<\/li>\n<li>Prze\u0142o\u017cenie: 8.3:1<\/li>\n<li>Zasi\u0119g: 350m<\/li>\n<li>Nap\u0119d: 4&#215;4<\/li>\n<li>Radio: pistoletowe 2.4Ghz<\/li>\n<\/ul>\n<\/div>\n<div><span class=\"subtitle\">Sk\u0142ad zestawu<\/span><\/p>\n<ul>\n<li>Model VRX Coyote EBL <abbr class=\"m3dict\" title=\"System radiowy wysokiej cz\u0119stotliwo\u015bci odpornej na zak\u0142\u00f3cenia o znacznie wi\u0119kszym zasi\u0119gu. Coraz bardziej wypiera systemy radiowe o niskich cz\u0119stotliwo\u015bciach tj. 27, 35, 40, 49, 72MHz.\">2.4GHz<\/abbr><\/li>\n<li>Radio pistoletowe <abbr class=\"m3dict\" title=\"System radiowy wysokiej cz\u0119stotliwo\u015bci odpornej na zak\u0142\u00f3cenia o znacznie wi\u0119kszym zasi\u0119gu. Coraz bardziej wypiera systemy radiowe o niskich cz\u0119stotliwo\u015bciach tj. 27, 35, 40, 49, 72MHz.\">2.4GHz<\/abbr><\/li>\n<li>Akumulator do modelu<\/li>\n<li>\u0141adowarka sieciowa 230V<\/li>\n<li>Instrukcja obs\u0142ugi<\/li>\n<\/ul>\n<\/div>\n","protected":false},"excerpt":{"rendered":"<p>Bezszczotkowy Coyote EBL marki VRX Racing to najlepszy pomys\u0142 na bardzo szybki, ale \u0142atwy w eksploatacji model. Ju\u017c na pierwszy rzut oka wida\u0107, \u017ce Coyote ma w sobie to co\u015b. Wzorowany na ameryka\u0144skich SUV-ach, czyli samochodach sportowo-u\u017cytkowych \u0142\u0105cz\u0105cych w sobie cechy pojazd\u00f3w osobowych i terenowych zachowuje ich dynamiczn\u0105 sylwetk\u0119, w\u0142a\u015bciwo\u015bci jezdne oraz wysok\u0105 jako\u015b\u0107 wykonania&#8230;.<\/p>\n","protected":false},"featured_media":4948,"comment_status":"open","ping_status":"closed","template":"","meta":{"_s2mail":""},"product_cat":[487],"product_tag":[],"_links":{"self":[{"href":"https:\/\/sklep.aveos.pl\/index.php\/wp-json\/wp\/v2\/product\/4947"}],"collection":[{"href":"https:\/\/sklep.aveos.pl\/index.php\/wp-json\/wp\/v2\/product"}],"about":[{"href":"https:\/\/sklep.aveos.pl\/index.php\/wp-json\/wp\/v2\/types\/product"}],"replies":[{"embeddable":true,"href":"https:\/\/sklep.aveos.pl\/index.php\/wp-json\/wp\/v2\/comments?post=4947"}],"wp:featuredmedia":[{"embeddable":true,"href":"https:\/\/sklep.aveos.pl\/index.php\/wp-json\/wp\/v2\/media\/4948"}],"wp:attachment":[{"href":"https:\/\/sklep.aveos.pl\/index.php\/wp-json\/wp\/v2\/media?parent=4947"}],"wp:term":[{"taxonomy":"product_cat","embeddable":true,"href":"https:\/\/sklep.aveos.pl\/index.php\/wp-json\/wp\/v2\/product_cat?post=4947"},{"taxonomy":"product_tag","embeddable":true,"href":"https:\/\/sklep.aveos.pl\/index.php\/wp-json\/wp\/v2\/product_tag?post=4947"}],"curies":[{"name":"wp","href":"https:\/\/api.w.org\/{rel}","templated":true}]}}