{"id":5006,"date":"2017-06-14T22:01:52","date_gmt":"2017-06-14T20:01:52","guid":{"rendered":"http:\/\/sklep.aveos.pl\/?post_type=product&#038;p=5006"},"modified":"2021-03-24T12:30:38","modified_gmt":"2021-03-24T11:30:38","slug":"dji-spark-meadow-green-przedsprzedaz","status":"publish","type":"product","link":"https:\/\/sklep.aveos.pl\/index.php\/produkt\/dji-spark-meadow-green-przedsprzedaz\/","title":{"rendered":"DJI Spark Meadow Green"},"content":{"rendered":"<p>&nbsp;<\/p>\n<div class=\"iai_top\"><img loading=\"lazy\" src=\"https:\/\/rcpro.pl\/data\/include\/cms\/5przemek\/1.jpg\" alt=\"\" width=\"1000\" height=\"440\" border=\"0\" \/><\/div>\n<div class=\"iai_top\"><\/div>\n<div class=\"iai_top\"><\/div>\n<div class=\"iai_top\"><strong><strong><br \/>\nUchwy\u0107 ka\u017cdy moment<\/strong><\/strong>&nbsp;<\/p>\n<\/div>\n<div class=\"iai_top\"><\/div>\n<div class=\"iai_top\">Spark, najnowszy model firmy DJI, to miniaturowy dron posiadaj\u0105cy wszystkie najwa\u017cniejsze cechy oraz mo\u017cliwo\u015bci swoich wi\u0119kszych kuzyn\u00f3w, w tym tryby inteligentnego lotu, stabilizacj\u0119 obrazu oraz du\u017c\u0105 szybko\u015b\u0107 i zwrotno\u015b\u0107 w trybie Sport. Dzi\u0119ki inteligentnej\u00a0kontroli lotu oraz kamerze o rozdzielczo\u015bci 1080p Spark pozwala nam w pe\u0142ni wykorzysta\u0107 nasz\u0105 kreatywno\u015b\u0107.<\/div>\n<div class=\"iai_top\"><\/div>\n<div class=\"iai_top\"><img loading=\"lazy\" src=\"https:\/\/rcpro.pl\/data\/include\/cms\/5przemek\/2.jpg\" alt=\"\" width=\"839\" height=\"560\" border=\"0\" \/><\/div>\n<div class=\"iai_top\"><\/div>\n<div class=\"iai_top\"><\/div>\n<div class=\"iai_top\">\n<hr \/>\n<\/div>\n<div class=\"iai_top\"><strong><strong><br \/>\nMo\u017cliwo\u015b\u0107 szybkiego startu<\/strong><\/strong>&nbsp;<\/p>\n<\/div>\n<div class=\"iai_top\">Dzi\u0119ki systemowi rozpoznawania twarzy, DJI Spark mo\u017ce wystartowa\u0107 wprost z Twojej d\u0142oni\u00a0w sekundy po uruchomieniu. Nast\u0119pnie masz mo\u017cliwo\u015b\u0107 wykonania perfekcyjnego zdj\u0119cia selfie tylko za pomoc\u0105 gest\u00f3w. Wygod\u0119 u\u017cytkowania\u00a0i transportu Sparka\u00a0gwarantuj\u0105\u00a0jego niewielkie wymiary (143 x 143 mm) i waga (nieca\u0142e 300 g).<br \/>\n<strong><br \/>\n<\/strong><\/div>\n<div class=\"iai_top\"><\/div>\n<div class=\"iai_top\"><strong><img loading=\"lazy\" src=\"https:\/\/rcpro.pl\/data\/include\/cms\/5przemek\/3.jpg\" alt=\"\" width=\"900\" height=\"502\" border=\"0\" \/><br \/>\n<\/strong><\/div>\n<div class=\"iai_top\"><\/div>\n<div class=\"iai_top\">\n<hr \/>\n<\/div>\n<div class=\"iai_top\"><\/div>\n<div class=\"iai_top\"><strong><strong><br \/>\n\u0141atwa\u00a0obs\u0142uga<\/strong><\/strong>&nbsp;<\/p>\n<\/div>\n<div class=\"iai_top\">Dzi\u0119ki zastosowaniu nowych rozwi\u0105za\u0144 sterownie Sparkiem to nic trudnego. Mo\u017cemy w bardzo prosty spos\u00f3b sterowa\u0107 jedynie za pomoc\u0105\u00a0ruch\u00f3w naszych d\u0142oni albo poprzez wykorzystanie kontrolera\u00a0czy urz\u0105dzenia mobilnego.\u00a0Spark pozwala nam r\u00f3wnie\u017c na robienie wspania\u0142ych zdj\u0119\u0107 za pomoc\u0105 jednego gestu. Dodatkowym atutem jest dzia\u0142aj\u0105cy w dw\u00f3ch p\u0142aszczyznach obrotowy stabilizator kamery, gwarantuj\u0105cy wspania\u0142\u0105 jako\u015b\u0107 zdj\u0119\u0107 i film\u00f3w.<br \/>\n&nbsp;<\/p>\n<\/div>\n<div class=\"iai_top\"><img loading=\"lazy\" src=\"https:\/\/rcpro.pl\/data\/include\/cms\/5przemek\/4.jpg\" alt=\"\" width=\"900\" height=\"642\" border=\"0\" \/><\/div>\n<div class=\"iai_top\"><\/div>\n<div class=\"iai_top\">\n<hr \/>\n<\/div>\n<div class=\"iai_top\"><strong><strong>Tworzenie sta\u0142o si\u0119 proste<\/strong><\/strong>&nbsp;<\/p>\n<\/div>\n<div class=\"iai_top\">Spark jest wyposa\u017cony w szereg inteligentnych system\u00f3w pozwalaj\u0105cych na tworzenie filmowych uj\u0119\u0107 z lotu ptaka. Nowy autonomiczny tryb\u00a0Quickshot wykonuje jedn\u0105 z czterech sekwencji lotu, nagrywaj\u0105c jednocze\u015bnie film z operatorem w kadrze. \u00a0Spark posiada r\u00f3wnie\u017c\u00a0znane z innych modeli DJI tryby\u00a0ActiveTrack, TapFly. Wszystkie te rozwi\u0105zania zosta\u0142y zamkni\u0119te w prosta w obs\u0142udze i intuicyjn\u0105 platform\u0119, aby ka\u017cdy bez wyj\u0105tku m\u00f3g\u0142 wykorzysta\u0107 je w pe\u0142ni.<\/div>\n<div class=\"iai_top\"><\/div>\n<div class=\"iai_top\"><\/div>\n<div class=\"iai_top\"><img loading=\"lazy\" src=\"https:\/\/rcpro.pl\/data\/include\/cms\/5przemek\/5.jpg\" alt=\"\" width=\"899\" height=\"424\" border=\"0\" \/><\/div>\n<div class=\"iai_top\"><\/div>\n<div class=\"iai_top\">\n<hr \/>\n<\/div>\n<div class=\"iai_top\"><strong><br \/>\nEdytuj i udost\u0119pniaj<br \/>\n<\/strong><\/div>\n<div class=\"iai_top\">Aplikacja DJI GO 4 umo\u017cliwia automatyczne edytowanie zdj\u0119\u0107 oraz film\u00f3w dzi\u0119ki przygotowanym szablonom, a tak\u017ce szerokiej gamie filtr\u00f3w. Dzi\u0119ki temu mo\u017cesz dzieli\u0107 si\u0119 swoimi prze\u017cyciami z przyjaci\u00f3\u0142mi w mediach spo\u0142eczno\u015bciowych kiedy tylko zapragniesz.<\/div>\n<div class=\"iai_top\"><\/div>\n<div class=\"iai_bottom\"><\/div>\n<div class=\"iai_bottom\"><img loading=\"lazy\" src=\"https:\/\/rcpro.pl\/data\/include\/cms\/5przemek\/6.jpg\" alt=\"\" width=\"900\" height=\"642\" border=\"0\" \/><\/div>\n<div class=\"iai_bottom\">\n<div class=\"iai_top\"><\/div>\n<div class=\"iai_top\"><\/div>\n<\/div>\n<div class=\"iai_bottom\"><strong>W zestawie<br \/>\n<\/strong><\/p>\n<hr \/>\n<\/div>\n<div class=\"iai_bottom\"><\/div>\n<div class=\"iai_bottom\">\u00a0<strong><br \/>\n<\/strong><\/div>\n<table width=\"1018\" cellspacing=\"10\">\n<tbody>\n<tr>\n<th>Spark<\/th>\n<\/tr>\n<tr>\n<td>\u015amig\u0142a (3 pary)<\/td>\n<\/tr>\n<tr>\n<td>Akumulator<\/td>\n<\/tr>\n<tr>\n<td>Kabel USB<\/td>\n<\/tr>\n<tr>\n<td>\u0141adowarka<\/td>\n<\/tr>\n<tr>\n<td>Pude\u0142ko transportowe<\/td>\n<\/tr>\n<\/tbody>\n<\/table>\n<p>&nbsp;<\/p>\n<p>&nbsp;<\/p>\n<div class=\"iai_bottom\"><strong>Specyfikacja<br \/>\n<\/strong><\/p>\n<hr \/>\n<\/div>\n<div class=\"iai_bottom\">\n<h3 class=\"section-title\"><\/h3>\n<h3 class=\"section-title\"><\/h3>\n<table class=\"table-specs\">\n<tbody>\n<tr>\n<th>Maks. czas lotu<\/th>\n<td>16 min.<\/td>\n<\/tr>\n<tr>\n<th>Wymiary<\/th>\n<td>143 mm \u00d7 143 mm \u00d7 55 mm<\/td>\n<\/tr>\n<tr>\n<th>Maks. masa startowa<\/th>\n<td>300\u00a0g<\/td>\n<\/tr>\n<tr>\n<th>Maks. pr\u0119dko\u015b\u0107<\/th>\n<td>50 km\/h<\/td>\n<\/tr>\n<tr>\n<th>Maks. pr\u0119dko\u015b\u0107 wznoszenia<\/th>\n<td>Tryb S &#8211; 3 m\/s<\/td>\n<\/tr>\n<tr>\n<th>Maks. pr\u0119dko\u015b\u0107 opadania<\/th>\n<td>3 m\/s<\/td>\n<\/tr>\n<tr>\n<th>Temperatura robocza<\/th>\n<td>0\u00b0 &#8211; 40\u00b0 C<\/td>\n<\/tr>\n<tr>\n<th>Akumulator<\/th>\n<td>1480 mAh\u00a0\u00a0LiPo 3S\u00a011.4 V<\/td>\n<\/tr>\n<tr>\n<th>Zakres obrotu gimbala<\/th>\n<td>Pitch -85\u00b0 &#8211; 0\u00b0,\u00a0dwie osie mechaniczne<\/td>\n<\/tr>\n<tr>\n<th>Zasi\u0119gu sygna\u0142u<\/th>\n<td>WiFi &#8211; do 100 m (pu\u0142ap 50 m), nadajnik (brak w zestawie) &#8211; do 500 m<\/td>\n<\/tr>\n<\/tbody>\n<\/table>\n<\/div>\n","protected":false},"excerpt":{"rendered":"<p>&nbsp; Uchwy\u0107 ka\u017cdy moment&nbsp; Spark, najnowszy model firmy DJI, to miniaturowy dron posiadaj\u0105cy wszystkie najwa\u017cniejsze cechy oraz mo\u017cliwo\u015bci swoich wi\u0119kszych kuzyn\u00f3w, w tym tryby inteligentnego lotu, stabilizacj\u0119 obrazu oraz du\u017c\u0105 szybko\u015b\u0107 i zwrotno\u015b\u0107 w trybie Sport. Dzi\u0119ki inteligentnej\u00a0kontroli lotu oraz kamerze o rozdzielczo\u015bci 1080p Spark pozwala nam w pe\u0142ni wykorzysta\u0107 nasz\u0105 kreatywno\u015b\u0107. Mo\u017cliwo\u015b\u0107 szybkiego startu&nbsp;&#8230;<\/p>\n","protected":false},"featured_media":5007,"comment_status":"open","ping_status":"closed","template":"","meta":{"_s2mail":""},"product_cat":[879],"product_tag":[],"_links":{"self":[{"href":"https:\/\/sklep.aveos.pl\/index.php\/wp-json\/wp\/v2\/product\/5006"}],"collection":[{"href":"https:\/\/sklep.aveos.pl\/index.php\/wp-json\/wp\/v2\/product"}],"about":[{"href":"https:\/\/sklep.aveos.pl\/index.php\/wp-json\/wp\/v2\/types\/product"}],"replies":[{"embeddable":true,"href":"https:\/\/sklep.aveos.pl\/index.php\/wp-json\/wp\/v2\/comments?post=5006"}],"wp:featuredmedia":[{"embeddable":true,"href":"https:\/\/sklep.aveos.pl\/index.php\/wp-json\/wp\/v2\/media\/5007"}],"wp:attachment":[{"href":"https:\/\/sklep.aveos.pl\/index.php\/wp-json\/wp\/v2\/media?parent=5006"}],"wp:term":[{"taxonomy":"product_cat","embeddable":true,"href":"https:\/\/sklep.aveos.pl\/index.php\/wp-json\/wp\/v2\/product_cat?post=5006"},{"taxonomy":"product_tag","embeddable":true,"href":"https:\/\/sklep.aveos.pl\/index.php\/wp-json\/wp\/v2\/product_tag?post=5006"}],"curies":[{"name":"wp","href":"https:\/\/api.w.org\/{rel}","templated":true}]}}