{"id":5056,"date":"2017-06-26T16:46:57","date_gmt":"2017-06-26T14:46:57","guid":{"rendered":"http:\/\/sklep.aveos.pl\/?post_type=product&#038;p=5056"},"modified":"2021-03-24T12:34:53","modified_gmt":"2021-03-24T11:34:53","slug":"vrx-racing-octane-xl-ebd-2-4ghz-szczotkowy","status":"publish","type":"product","link":"https:\/\/sklep.aveos.pl\/index.php\/produkt\/vrx-racing-octane-xl-ebd-2-4ghz-szczotkowy\/","title":{"rendered":"VRX Racing: Octane XL EBD 2.4GHz &#8211; szczotkowy"},"content":{"rendered":"<p><strong>Octane XL EBD<\/strong>\u00a0marki VRX Racing to\u00a0model elektryczny typu <abbr class=\"m3dict\" title=\"Typ zawieszenia samochodu b\u0119d\u0105cy po\u0142\u0105czeniem zalet aut typu buggy i terenowych monster truck\u00f3w. G\u0142\u00f3wne zalety to szeroki rozstaw k\u00f3\u0142, stosunkowo wysokie zawieszenie, niska karoseria. Dzi\u0119ki tym cechom auta te s\u0105 szybkie i dobrze trzymaj\u0105 si\u0119 drogi.\">truggy<\/abbr> w skali 1:9 <strong>z nap\u0119dem <abbr class=\"m3dict\" title=\"Nap\u0119d na 2 osie, czyli na 4 ko\u0142a.\">4WD<\/abbr><\/strong><strong id=\"tinymce\" class=\"mceContentBody \" dir=\"ltr\"><\/strong>. <strong>Wzmocniona p\u0142yta g\u0142\u00f3wna dla wzmocnienia podwozia, dwukierunkowy <abbr class=\"m3dict\" title=\"Urz\u0105dzenie elektroniczne odpowiedzialne za sterowanie obrotami silnika. Po\u0142\u0105czone bezpo\u015brednio z silnikiem, odbiornikiem i akumulatorem zasilaj\u0105cym model. Stanowi\u0105 &quot;serce&quot; modelu zdalnie sterowanego.\">regulator<\/abbr> obrot\u00f3w, silne <abbr class=\"m3dict\" title=\"Urz\u0105dzenie zamontowane w modelu wykonuj\u0105ce komendy zadane przez modelarza za pomoc\u0105 nadajnika. Pod\u0142\u0105czone do nadajnika i zazwyczaj zasilane pr\u0105dem sta\u0142ym o napi\u0119ciu 4.5V - 6.0V. Zbudowane z silnika elektrycznego i przek\u0142adni. Parametry charakteryzuj\u0105ce to pr\u0119dko\u015b\u0107 i ud\u017awig. Stosowane do skr\u0119tu, gazu, lotek, klap, steru, itp.\">serwo<\/abbr><\/strong> steru to tylko cz\u0119\u015b\u0107 cech wyr\u00f3\u017cniaj\u0105cych go na tle konkurencji. Ogromnym plusem modelu jest te\u017c<strong> radio <abbr class=\"m3dict\" title=\"System radiowy wysokiej cz\u0119stotliwo\u015bci odpornej na zak\u0142\u00f3cenia o znacznie wi\u0119kszym zasi\u0119gu. Coraz bardziej wypiera systemy radiowe o niskich cz\u0119stotliwo\u015bciach tj. 27, 35, 40, 49, 72MHz.\">2,4GHz<\/abbr><\/strong> dzi\u0119ki kt\u00f3remu mo\u017cna \u015bciga\u0107 si\u0119 z innymi zawodnikami bez obawy o nak\u0142adanie si\u0119 sygna\u0142\u00f3w.\u00a0 <strong>Octane XL EBD\u00a0zosta\u0142 wyposa\u017cony w szereg unikalnych rozwi\u0105za\u0144:<\/strong><\/p>\n<ul>\n<li>nowoczesny nap\u0119d na 4 ko\u0142a z systemem chroni\u0105cym z\u0119batki przed nadmiernym zu\u017cyciem w wyniku \u015blizgania si\u0119,<\/li>\n<li>tylna konstrukcja osi z wzmocnion\u0105 obudow\u0105 i adapterem<\/li>\n<li>wzmocnione i przeprojektowane wahacze,<\/li>\n<li>amortyzatory typu Big Bored,<\/li>\n<li>unikalny system kierowniczy z przednimi Uniwersalnymi wa\u0142kami przegubowymi,<\/li>\n<li>lekkie przednie zawieszenie przednie,<\/li>\n<li>ca\u0142kowicie zabbudowana przek\u0142adnia,<\/li>\n<li>ca\u0142a konstrukcja zosta\u0142a zaprojektowana w taki spos\u00f3b, aby u\u0142atwi\u0107 serwisowanie modelu i wprowadzanie modyfikacji.<\/li>\n<\/ul>\n<p>Konstrukcja typu <abbr class=\"m3dict\" title=\"Typ zawieszenia samochodu b\u0119d\u0105cy po\u0142\u0105czeniem zalet aut typu buggy i terenowych monster truck\u00f3w. G\u0142\u00f3wne zalety to szeroki rozstaw k\u00f3\u0142, stosunkowo wysokie zawieszenie, niska karoseria. Dzi\u0119ki tym cechom auta te s\u0105 szybkie i dobrze trzymaj\u0105 si\u0119 drogi.\">Truggy<\/abbr><strong> pozwala zar\u00f3wno na rozwijanie du\u017cych szybko\u015bci na asfalcie jak i jazd\u0119 off-roadow\u0105 po niemal ka\u017cdej nawierzchni.<\/strong> <strong id=\"tinymce\" class=\"mceContentBody \" dir=\"ltr\">Szeroki rozstaw i ogromne ko\u0142a o wymiarach 135x55mm<\/strong> gwarantuj\u0105 stabilno\u015b\u0107 na zakr\u0119tach, a odpowiedni prze\u015bwit i nowoczesny nap\u0119d 4&#215;4 pozwol\u0105 poszale\u0107 na nier\u00f3wno\u015bciach. Dok\u0142adne dopasowanie modelu do warunk\u00f3w umo\u017cliwia <strong>regulowane zawieszenie<\/strong>. Aby zapewni\u0107 trwa\u0142\u0105 i niezawodn\u0105 eksploatacj\u0119 model wyposa\u017cono w<strong> metalowe z\u0119batki dyferencja\u0142\u00f3w<\/strong>. Cz\u0119\u015bci plastikowe zosta\u0142y wykonane z tworzyw o podwy\u017cszonej elastyczno\u015bci dzi\u0119ki czemu s\u0105 mniej nara\u017cone na p\u0119kni\u0119cia. Do modelu do\u0142\u0105czone jest nowoczesne, pistoletowe<strong> radio <abbr class=\"m3dict\" title=\"System radiowy wysokiej cz\u0119stotliwo\u015bci odpornej na zak\u0142\u00f3cenia o znacznie wi\u0119kszym zasi\u0119gu. Coraz bardziej wypiera systemy radiowe o niskich cz\u0119stotliwo\u015bciach tj. 27, 35, 40, 49, 72MHz.\">2.4GHz<\/abbr> o bardzo du\u017cym zasi\u0119gu<\/strong> &#8211; pr\u0119dzej model zniknie z pola widzenia ni\u017c utraci sygna\u0142 z nadajnika. Octane XL to model elektryczny, wi\u0119c w razie gorszej pogody mo\u017cna bawi\u0107 si\u0119 nim nawet w domu.<\/p>\n<p>Kolejn\u0105 siln\u0105 stron\u0105 tego modelu jest dwukierunkowy <strong><abbr class=\"m3dict\" title=\"Urz\u0105dzenie elektroniczne odpowiedzialne za sterowanie obrotami silnika. Po\u0142\u0105czone bezpo\u015brednio z silnikiem, odbiornikiem i akumulatorem zasilaj\u0105cym model. Stanowi\u0105 &quot;serce&quot; modelu zdalnie sterowanego.\">regulator<\/abbr> obrot\u00f3w 40A<\/strong> z radiatorem. Regiel ten poza akumulatorami NiMH\/NiCd, <strong>w pe\u0142ni obs\u0142uguje baterie LiPo 7.4V<\/strong>. Ponadto programowalny cut-off, over-heat, mode crawler powoduj\u0105, \u017ce jest to zupe\u0142ny ewenement w tej klasie aut.<\/p>\n<p align=\"center\">\nPrezentowany Octane EBD <abbr class=\"m3dict\" title=\"System radiowy wysokiej cz\u0119stotliwo\u015bci odpornej na zak\u0142\u00f3cenia o znacznie wi\u0119kszym zasi\u0119gu. Coraz bardziej wypiera systemy radiowe o niskich cz\u0119stotliwo\u015bciach tj. 27, 35, 40, 49, 72MHz.\">2.4GHz<\/abbr>, to samoch\u00f3d RC typu <abbr class=\"m3dict\" title=\"Ready To Run, czyli gotowy do zabawy po wyj\u0119ciu z pude\u0142ka\">RTR<\/abbr>, czyli gotowy do jazdy od razu po wyj\u0119ciu z pude\u0142ka, jedyne czego potrzebujesz to 8szt baterii AA (zwyk\u0142e &#8220;paluszki&#8221;) do nadajnika, kt\u00f3re r\u00f3wnie\u017c mo\u017cesz kupi\u0107 w naszym sklepie.<\/p>\n<div><span class=\"subtitle\">Dane techniczne<\/span><\/p>\n<ul>\n<li>Skala: 1:9<\/li>\n<li>Rozmiar: 50x30x22cm<\/li>\n<li>Rozstaw osi: 328mm<\/li>\n<li>Rozmiar opony: 135x55mm<\/li>\n<li>Silnik: szczotkowy klasy 550<\/li>\n<li>Akumulator: NiMH 7.2V 1800mAh<\/li>\n<li>Regulator: szczotkowy 40A<\/li>\n<li>Prze\u0142o\u017cenie: 11.2:1<\/li>\n<li>Nap\u0119d: <abbr class=\"m3dict\" title=\"Nap\u0119d na 2 osie, czyli na 4 ko\u0142a.\">4WD<\/abbr><\/li>\n<li>Nadajnik bezprzewodowy <abbr class=\"m3dict\" title=\"System radiowy wysokiej cz\u0119stotliwo\u015bci odpornej na zak\u0142\u00f3cenia o znacznie wi\u0119kszym zasi\u0119gu. Coraz bardziej wypiera systemy radiowe o niskich cz\u0119stotliwo\u015bciach tj. 27, 35, 40, 49, 72MHz.\">2.4GHz<\/abbr><\/li>\n<li>Dystans sterowania: 100-150m<\/li>\n<\/ul>\n<\/div>\n","protected":false},"excerpt":{"rendered":"<p>Octane XL EBD\u00a0marki VRX Racing to\u00a0model elektryczny typu truggy w skali 1:9 z nap\u0119dem 4WD. Wzmocniona p\u0142yta g\u0142\u00f3wna dla wzmocnienia podwozia, dwukierunkowy regulator obrot\u00f3w, silne serwo steru to tylko cz\u0119\u015b\u0107 cech wyr\u00f3\u017cniaj\u0105cych go na tle konkurencji. Ogromnym plusem modelu jest te\u017c radio 2,4GHz dzi\u0119ki kt\u00f3remu mo\u017cna \u015bciga\u0107 si\u0119 z innymi zawodnikami bez obawy o nak\u0142adanie&#8230;<\/p>\n","protected":false},"featured_media":5057,"comment_status":"open","ping_status":"closed","template":"","meta":{"_s2mail":""},"product_cat":[487],"product_tag":[],"_links":{"self":[{"href":"https:\/\/sklep.aveos.pl\/index.php\/wp-json\/wp\/v2\/product\/5056"}],"collection":[{"href":"https:\/\/sklep.aveos.pl\/index.php\/wp-json\/wp\/v2\/product"}],"about":[{"href":"https:\/\/sklep.aveos.pl\/index.php\/wp-json\/wp\/v2\/types\/product"}],"replies":[{"embeddable":true,"href":"https:\/\/sklep.aveos.pl\/index.php\/wp-json\/wp\/v2\/comments?post=5056"}],"wp:featuredmedia":[{"embeddable":true,"href":"https:\/\/sklep.aveos.pl\/index.php\/wp-json\/wp\/v2\/media\/5057"}],"wp:attachment":[{"href":"https:\/\/sklep.aveos.pl\/index.php\/wp-json\/wp\/v2\/media?parent=5056"}],"wp:term":[{"taxonomy":"product_cat","embeddable":true,"href":"https:\/\/sklep.aveos.pl\/index.php\/wp-json\/wp\/v2\/product_cat?post=5056"},{"taxonomy":"product_tag","embeddable":true,"href":"https:\/\/sklep.aveos.pl\/index.php\/wp-json\/wp\/v2\/product_tag?post=5056"}],"curies":[{"name":"wp","href":"https:\/\/api.w.org\/{rel}","templated":true}]}}