{"id":5092,"date":"2017-06-27T14:30:29","date_gmt":"2017-06-27T12:30:29","guid":{"rendered":"http:\/\/sklep.aveos.pl\/?post_type=product&#038;p=5092"},"modified":"2021-03-24T12:28:44","modified_gmt":"2021-03-24T11:28:44","slug":"bsd-racing-909t-110-4wd","status":"publish","type":"product","link":"https:\/\/sklep.aveos.pl\/index.php\/produkt\/bsd-racing-909t-110-4wd\/","title":{"rendered":"BSD RACING 909T 1\/10 4WD"},"content":{"rendered":"<p><strong><em>Zdalnie sterowany model samochodu z bezszczotkowym nap\u0119dem elektrycznym w skali 1\/10.<\/em><\/strong><\/p>\n<p><em><strong>Zestaw zawiera:<\/strong><\/em><\/p>\n<ul>\n<li>Ca\u0142kowicie zmontowany model z karoseri\u0105<\/li>\n<li>Nadajnik 2.4GHz<\/li>\n<li>Pakiet nap\u0119dowy NiMh 7,2V \/ 1800mAh<\/li>\n<li>\u0141adowark\u0119 sieciow\u0105 pakietu nap\u0119dowego &#8211; 500mA<\/li>\n<\/ul>\n<p>&nbsp;<\/p>\n<p><em><strong>Dane techniczne:<br \/>\n<\/strong><\/em><\/p>\n<ul>\n<li>D\u0142ugo\u015b\u0107: 410mm<\/li>\n<li>Szeroko\u015b\u0107: 320mm<\/li>\n<li>Wysoko\u015b\u0107.: 165mm<\/li>\n<li>Rozstaw osi: 305mm<\/li>\n<li>Ko\u0142a: 100mm x 51mm<\/li>\n<li>Prze\u015bwit: 25mm<\/li>\n<li>Prze\u0142o\u017cenie: 12.98 : 1<\/li>\n<\/ul>\n<p>&nbsp;<\/p>\n<p><em><strong>Cechy modelu:<\/strong><\/em><\/p>\n<ul>\n<li>Nap\u0119d na cztery ko\u0142a<\/li>\n<li>Gotowy do jazdy<\/li>\n<li>Bez szczotkowy silnik nap\u0119dowy RC-540 KV 3570<\/li>\n<li>Regulator obrot\u00f3w ESC 35A-SL<\/li>\n<li>Pakiet nap\u0119dowy NiMh 7,2V \/ 1800mAh<\/li>\n<li>Amortyzatory z bia\u0142ymi spr\u0119\u017cynami<\/li>\n<li>Aparatura steruj\u0105ca 2.4GHz<\/li>\n<li>Wodoszczelne przek\u0142adnie<\/li>\n<li>\u0141atwy monta\u017c odbiornika i pakietu nap\u0119dowego<\/li>\n<li>Wysokiej jako\u015bci przek\u0142adnie dyferencja\u0142\u00f3w<\/li>\n<li>Precyzyjne \u0142o\u017cyska kulkowe<\/li>\n<li>Aluminiowe wzmocnienie konstrukcji<\/li>\n<\/ul>\n<p>&nbsp;<\/p>\n<p><em><strong>Potrzebne do uruchomienia modelu:<\/strong><\/em><\/p>\n<ul>\n<li>Zasilanie nadajnika 8 x AA (1.5V)<\/li>\n<\/ul>\n","protected":false},"excerpt":{"rendered":"<p>Zdalnie sterowany model samochodu z bezszczotkowym nap\u0119dem elektrycznym w skali 1\/10. Zestaw zawiera: Ca\u0142kowicie zmontowany model z karoseri\u0105 Nadajnik 2.4GHz Pakiet nap\u0119dowy NiMh 7,2V \/ 1800mAh \u0141adowark\u0119 sieciow\u0105 pakietu nap\u0119dowego &#8211; 500mA &nbsp; Dane techniczne: D\u0142ugo\u015b\u0107: 410mm Szeroko\u015b\u0107: 320mm Wysoko\u015b\u0107.: 165mm Rozstaw osi: 305mm Ko\u0142a: 100mm x 51mm Prze\u015bwit: 25mm Prze\u0142o\u017cenie: 12.98 : 1 &nbsp;&#8230;<\/p>\n","protected":false},"featured_media":5093,"comment_status":"open","ping_status":"closed","template":"","meta":{"_s2mail":""},"product_cat":[487],"product_tag":[],"_links":{"self":[{"href":"https:\/\/sklep.aveos.pl\/index.php\/wp-json\/wp\/v2\/product\/5092"}],"collection":[{"href":"https:\/\/sklep.aveos.pl\/index.php\/wp-json\/wp\/v2\/product"}],"about":[{"href":"https:\/\/sklep.aveos.pl\/index.php\/wp-json\/wp\/v2\/types\/product"}],"replies":[{"embeddable":true,"href":"https:\/\/sklep.aveos.pl\/index.php\/wp-json\/wp\/v2\/comments?post=5092"}],"wp:featuredmedia":[{"embeddable":true,"href":"https:\/\/sklep.aveos.pl\/index.php\/wp-json\/wp\/v2\/media\/5093"}],"wp:attachment":[{"href":"https:\/\/sklep.aveos.pl\/index.php\/wp-json\/wp\/v2\/media?parent=5092"}],"wp:term":[{"taxonomy":"product_cat","embeddable":true,"href":"https:\/\/sklep.aveos.pl\/index.php\/wp-json\/wp\/v2\/product_cat?post=5092"},{"taxonomy":"product_tag","embeddable":true,"href":"https:\/\/sklep.aveos.pl\/index.php\/wp-json\/wp\/v2\/product_tag?post=5092"}],"curies":[{"name":"wp","href":"https:\/\/api.w.org\/{rel}","templated":true}]}}