{"id":5398,"date":"2018-01-31T15:47:53","date_gmt":"2018-01-31T14:47:53","guid":{"rendered":"http:\/\/sklep.aveos.pl\/?post_type=product&#038;p=5398"},"modified":"2021-06-14T13:38:48","modified_gmt":"2021-06-14T11:38:48","slug":"axial-wraith-spawn-4wd-110-rtr","status":"publish","type":"product","link":"https:\/\/sklep.aveos.pl\/index.php\/produkt\/axial-wraith-spawn-4wd-110-rtr\/","title":{"rendered":"Axial Wraith Spawn 4WD 1:10 RTR"},"content":{"rendered":"<div class=\"iai_top\">\n<p><img loading=\"lazy\" class=\"aligncenter\" src=\"https:\/\/rcpro.pl\/data\/include\/cms\/Przemek\/wraith-spawn\/1.jpg\" width=\"950\" height=\"450\" border=\"0\" \/><\/div>\n<div class=\"iai_top\"><\/div>\n<div class=\"iai_top\"><\/div>\n<div class=\"iai_top\"><strong><br \/>\nSzybko\u015b\u0107 w warunkach ekstremalnych<\/p>\n<p><\/strong><\/div>\n<div class=\"iai_top\">Axial Wraith Spawn jest stworzony do jazdy po najtrudniejszych terenach. Niemal niezniszczalne osie AR60 OCP s\u0105 w stanie r\u00f3wnie skutecznie przeprawi\u0107 si\u0119 przez otwarte pustynie i strome obszary skaliste. Sprawdzone\u00a0opony Ripsaw 2.2 okalaj\u0105ce felgi Method IF zapewniaj\u0105 niezr\u00f3wnan\u0105 przyczepno\u015b\u0107 na ka\u017cdej powierzchni. Rama wykonana z materia\u0142u kompozytowego gwarantuje du\u017c\u0105 wytrzyma\u0142o\u015b\u0107 i pozwala na przemieszczanie si\u0119 z du\u017c\u0105 pr\u0119dko\u015bci\u0105.<\/div>\n<div class=\"iai_top\"><\/div>\n<div class=\"iai_top\">\n<img loading=\"lazy\" class=\"aligncenter\" src=\"https:\/\/rcpro.pl\/data\/include\/cms\/Przemek\/wraith-spawn\/2.jpg\" width=\"900\" height=\"600\" border=\"0\" \/><\/div>\n<div class=\"iai_top\"><\/div>\n<div class=\"iai_top\"><\/div>\n<div class=\"iai_top\">\n<div class=\"iai_top\"><\/div>\n<div class=\"iai_top\">\n<hr \/>\n<\/div>\n<div class=\"iai_top\">\n<strong>Multimedia<\/p>\n<p><\/strong><\/div>\n<div class=\"iai_top\">\u00a0<iframe loading=\"lazy\" src=\"https:\/\/www.youtube.com\/embed\/ntz62nITmmw\" width=\"640\" height=\"480\" data-mce-fragment=\"1\"><\/iframe><\/div>\n<div class=\"iai_top\"><\/div>\n<\/div>\n<div class=\"iai_bottom\">\n<div class=\"iai_bottom\">\n<div class=\"iai_top\"><\/div>\n<div class=\"iai_top\"><\/div>\n<\/div>\n<div class=\"iai_bottom\">\n<strong>W zestawie<br \/>\n<\/strong><\/p>\n<hr \/>\n<\/div>\n<div class=\"iai_bottom\"><\/div>\n<div class=\"iai_bottom\">\u00a0<strong><br \/>\n<\/strong><\/div>\n<table cellspacing=\"10\">\n<tbody>\n<tr>\n<th>Model\u00a0Wraith Spawn<\/th>\n<\/tr>\n<tr>\n<th>Aparatura \u00a0AX-3 2.4GHz<\/th>\n<\/tr>\n<tr>\n<th>Regulator AE-5 (wodoodporny) 2S-3S LiPo\/NiMH<\/th>\n<\/tr>\n<tr>\n<th>Silnik 20T 540\/550<\/th>\n<\/tr>\n<tr>\n<th>Serwo TSX45, 151 oz-in<\/th>\n<\/tr>\n<\/tbody>\n<\/table>\n<p>&nbsp;<\/p>\n<div class=\"iai_bottom\"><strong>Specyfikacja<br \/>\n<\/strong><\/p>\n<hr \/>\n<\/div>\n<div class=\"iai_bottom\">\n<h3 class=\"section-title\"><\/h3>\n<table class=\"table-specs\">\n<tbody>\n<tr>\n<th>D\u0142ugo\u015b\u0107<\/th>\n<td>490\u00a0mm<\/td>\n<\/tr>\n<tr>\n<th>Szeroko\u015b\u0107<\/th>\n<td>285 mm<\/td>\n<\/tr>\n<tr>\n<th>Wysoko\u015b\u0107<\/th>\n<td>232 mm<\/td>\n<\/tr>\n<tr>\n<th>Rozstaw osi<\/th>\n<td>355 mm<\/td>\n<\/tr>\n<tr>\n<th>Prze\u015bwit<\/th>\n<td>72 mm<\/td>\n<\/tr>\n<tr>\n<th>Waga<\/th>\n<td>2,47 kg<\/td>\n<\/tr>\n<tr>\n<th>Wymagane do uruchomienia<br \/>\n(nie zawarte w zestawie)<\/th>\n<td>Akumulator<br \/>\n\u0141adowarka<br \/>\nBaterie AA do aparatury<\/td>\n<\/tr>\n<\/tbody>\n<\/table>\n<\/div>\n<\/div>\n","protected":false},"excerpt":{"rendered":"<p>Szybko\u015b\u0107 w warunkach ekstremalnych Axial Wraith Spawn jest stworzony do jazdy po najtrudniejszych terenach. Niemal niezniszczalne osie AR60 OCP s\u0105 w stanie r\u00f3wnie skutecznie przeprawi\u0107 si\u0119 przez otwarte pustynie i strome obszary skaliste. Sprawdzone\u00a0opony Ripsaw 2.2 okalaj\u0105ce felgi Method IF zapewniaj\u0105 niezr\u00f3wnan\u0105 przyczepno\u015b\u0107 na ka\u017cdej powierzchni. Rama wykonana z materia\u0142u kompozytowego gwarantuje du\u017c\u0105 wytrzyma\u0142o\u015b\u0107 i&#8230;<\/p>\n","protected":false},"featured_media":5399,"comment_status":"open","ping_status":"closed","template":"","meta":{"_s2mail":""},"product_cat":[590],"product_tag":[602,600,591,601,667,597,604,668,603],"_links":{"self":[{"href":"https:\/\/sklep.aveos.pl\/index.php\/wp-json\/wp\/v2\/product\/5398"}],"collection":[{"href":"https:\/\/sklep.aveos.pl\/index.php\/wp-json\/wp\/v2\/product"}],"about":[{"href":"https:\/\/sklep.aveos.pl\/index.php\/wp-json\/wp\/v2\/types\/product"}],"replies":[{"embeddable":true,"href":"https:\/\/sklep.aveos.pl\/index.php\/wp-json\/wp\/v2\/comments?post=5398"}],"wp:featuredmedia":[{"embeddable":true,"href":"https:\/\/sklep.aveos.pl\/index.php\/wp-json\/wp\/v2\/media\/5399"}],"wp:attachment":[{"href":"https:\/\/sklep.aveos.pl\/index.php\/wp-json\/wp\/v2\/media?parent=5398"}],"wp:term":[{"taxonomy":"product_cat","embeddable":true,"href":"https:\/\/sklep.aveos.pl\/index.php\/wp-json\/wp\/v2\/product_cat?post=5398"},{"taxonomy":"product_tag","embeddable":true,"href":"https:\/\/sklep.aveos.pl\/index.php\/wp-json\/wp\/v2\/product_tag?post=5398"}],"curies":[{"name":"wp","href":"https:\/\/api.w.org\/{rel}","templated":true}]}}