{"id":5940,"date":"2021-04-19T16:59:22","date_gmt":"2021-04-19T14:59:22","guid":{"rendered":"http:\/\/sklep.aveos.pl\/?post_type=product&#038;p=5940"},"modified":"2022-09-23T20:49:53","modified_gmt":"2022-09-23T18:49:53","slug":"traxxas-rustler-4x4-vxl","status":"publish","type":"product","link":"https:\/\/sklep.aveos.pl\/index.php\/produkt\/traxxas-rustler-4x4-vxl\/","title":{"rendered":"Traxxas Rustler 4&#215;4 VXL"},"content":{"rendered":"\r\n<p><em><strong>Nowy Rustler 4X4 VXL z systemem TSM<\/strong><\/em><\/p>\r\n\r\n\r\n\r\n<p><em><strong>wersja Rock&amp;Roll<\/strong><\/em><\/p>\r\n\r\n\r\n\r\n<p>Zupe\u0142nie nowy<em><strong>\u00a0Rustler 4X4 VXL<\/strong><\/em>, to maszyna kt\u00f3ra oddaje szybko\u015b\u0107 i klasyczny styl najlepiej sprzedaj\u0105cego si\u0119 modelu\u00a0<strong><em>Rustler<\/em><\/strong>. Wprowadza brutaln\u0105 wydajno\u015b\u0107 nap\u0119du na cztery ko\u0142a, zwi\u0119kszon\u0105 wytrzyma\u0142o\u015b\u0107 i jeszcze wi\u0119cej rado\u015bci!<br \/>Pod eleganckim i zwartym nadwoziem, bezszczotkowy silnik\u00a0<em><strong>Velineon<\/strong><\/em>\u00a0zapewnia ekstremaln\u0105 moc.\u00a0Wi\u0119ksze ko\u0142a i opony\u00a0<em><strong>Talon &#x2122; EXT<\/strong><\/em>\u00a0zapewniaj\u0105 wszechstronno\u015b\u0107 i przyczepno\u015b\u0107 do ka\u017cdego terenu &#8211; od przydomowych szlak\u00f3w do betonowych skate park\u00f3w.\u00a0<em><strong>Rustler 4X4 VXL<\/strong><\/em>\u00a0niszczy konwencj\u0119, aby sta\u0107 si\u0119 nowym standardem wydajno\u015bci i zabawy dla pojazd\u00f3w z nap\u0119dem na cztery ko\u0142a.<\/p>\r\n\r\n\r\n\r\n<figure class=\"wp-block-image\"><img src=\"https:\/\/riku.pl\/zdjecia_opis\/67076-4\/67076-4_2_3.jpg\" alt=\"\" \/><\/figure>\r\n\r\n\r\n\r\n<p>Ca\u0142kowicie nowe podwozie o niskim\u00a0<strong>CG\u00a0<\/strong>pozwala na agresywne prowadzenie samochodu.\u00a0Rozstaw osi zosta\u0142 zwi\u0119kszony o<strong>\u00a020mm<\/strong>\u00a0dla idealnego zr\u00f3wnowa\u017cenia stabilno\u015bci i szybkiego reagowania.\u00a0Moc bezszczotkowego silnika Velineon, przenosi wi\u0119ksze sprz\u0119g\u0142o \u015blizgowe\u00a0<strong>Revo\u00ae-Spec<\/strong>\u00a0i nowe &#8211; ekstremalnie wytrzyma\u0142e wa\u0142y nap\u0119dowe, aby zapewni\u0107 wydajno\u015b\u0107 i wytrzyma\u0142o\u015b\u0107.<br \/>\u00a0<\/p>\r\n\r\n\r\n\r\n<figure class=\"wp-block-image\"><img src=\"https:\/\/riku.pl\/zdjecia_opis\/67076-4\/67076-4_2_4.jpg\" alt=\"\" \/><\/figure>\r\n\r\n\r\n\r\n<p><strong>Rustler 4X4 VXL<\/strong>\u00a0wykorzystuje opatentowan\u0105 przez Traxxas&#8217;a funkcj\u0119 pozwalaj\u0105c\u0105 na zdalne odwr\u00f3cenie modelu le\u017c\u0105cego na dachu.\u00a0Wystarczy nacisn\u0105\u0107 przycisk w nadajniku\u00a0<em><strong>TQi<\/strong><\/em>\u00a0i w wi\u0119kszo\u015bci przypadk\u00f3w,\u00a0<em><strong>Rustler 4X4 VXL<\/strong><\/em>\u00a0powr\u00f3ci na swoje ko\u0142a w ci\u0105gu kilku sekund b\u0119d\u0105c gotowym do akcji!<\/p>\r\n\r\n\r\n\r\n<figure class=\"wp-block-image\"><img src=\"https:\/\/riku.pl\/zdjecia_opis\/67076-4\/67076-4_3.jpg\" alt=\"\" \/><\/figure>\r\n\r\n\r\n\r\n<p>Nowe &#8211; modu\u0142owe podwozie\u00a0<em><strong>Rustlera 4X4\u00a0<\/strong><\/em>pozwala w\u00a0ci\u0105gu nieca\u0142ej minuty uzyska\u0107 pe\u0142ny dost\u0119p do wszystkich element\u00f3w..<\/p>\r\n\r\n\r\n\r\n<figure class=\"wp-block-image\"><img src=\"https:\/\/riku.pl\/zdjecia_opis\/67076-4\/67076-4_4.jpg\" alt=\"\" \/><\/figure>\r\n\r\n\r\n\r\n<p><em><strong>Velineon \u00ae 3500<\/strong>\u00a0<\/em>jest bezszczotkowym silnikiem precyzyjnie dopasowanym do zastosowania w skali\u00a0<em><strong>1:10<\/strong><\/em>\u00a0zapewniaj\u0105c doskona\u0142\u0105 r\u00f3wnowag\u0119 maksymalnej mocy i wydajno\u015bci. Elektroniczny regulator obrot\u00f3w\u00a0<em><strong>VXL-3s<\/strong><\/em>\u00a0zapewnia pe\u0142n\u0105 kontrol\u0119 nad p\u0142ynnym ruszanie i precyzyjnym sterowaniem, bez potrzeby dodatkowych czujnik\u00f3w i okablowania.<\/p>\r\n\r\n\r\n\r\n<figure class=\"wp-block-image\"><img src=\"https:\/\/riku.pl\/zdjecia_opis\/67076-4\/67076-4_5.jpg\" alt=\"\" \/><\/figure>\r\n\r\n\r\n\r\n<p><em><strong>Velineon VXL-3s<\/strong><\/em>\u00a0poza elektroniczn\u0105 regulacj\u0105 obrot\u00f3w w obydwu kierunkach oferuje dodatkowe funkcje pozwalaj\u0105ce na szeroki zakres zabawy.<\/p>\r\n\r\n\r\n\r\n<p>W regulatorze znajdziemy funkcj\u0119 \u201e<strong><em>Training Mode.&#x2122;<\/em>\u201d,<\/strong>\u00a0kt\u00f3ra pozwala obni\u017cy\u0107 moc zespo\u0142u nap\u0119dowego o\u00a0<em><strong>50%.<\/strong><\/em>\u00a0Jest to przydatne dla pocz\u0105tkuj\u0105cych kierowc\u00f3w i dla wszystkich kt\u00f3rzy chc\u0105 potrenowa\u0107\u00a0 technik\u0119 precyzyjnej jazdy. Tranzystory o wysokiej cz\u0119stotliwo\u015bci i zaawansowana konstrukcja obwodu powoduj\u0105 niezwykle sprawnie i wyrafinowane sterowanie przepustnic\u0105. Regulator\u00a0<em><strong>VXL-3s\u00a0<\/strong><\/em>jest elastyczny w zakresie stosowania konwencjonalnych silnik\u00f3w szczotkowych\u00a0 oraz silnik\u00f3w bezszczotkowych.\u00a0<em><strong>VXL-3s<\/strong><\/em>\u00a0posiada czujnik wykrywaj\u0105cy typ silnika. Wysoka wydajno\u015b\u0107 pr\u0105dowa (<em><strong>320 A pik<\/strong><\/em>) i dwustopniowe zabezpieczenie termiczne pozwala na wykorzystanie ka\u017cdego silnika.<\/p>\r\n\r\n\r\n\r\n<figure class=\"wp-block-image\"><img src=\"https:\/\/riku.pl\/zdjecia_opis\/67076-4\/67076-4_6.jpg\" alt=\"\" \/><\/figure>\r\n\r\n\r\n\r\n<p><em><strong>Wodoszczelna elektronika<\/strong><\/em>\u00a0pozwala na u\u017cytkowanie modelu w trudnych warunkach pogodowych. Woda, b\u0142oto i \u015bnieg, ju\u017c nie s\u0105 przeszkod\u0105 w zabawie na wolnym powietrzu.<\/p>\r\n\r\n\r\n\r\n<figure class=\"wp-block-image\"><img src=\"https:\/\/riku.pl\/zdjecia_opis\/67076-4\/67076-4_7.jpg\" alt=\"\" \/><\/figure>\r\n\r\n\r\n\r\n<p>System kontroli trakcji\u00a0<em><strong>Traxxas Stability Management (TSM)\u00a0<\/strong><\/em>wbudowany jest w\u00a0<em><strong>5<\/strong><\/em>\u00a0kana\u0142owy odbiornik\u00a0<em><strong>TQI 2.4GHz<\/strong><\/em>. W po\u0142\u0105czeniu z niskim \u015brodkiem ci\u0119\u017cko\u015bci, system kontroli trakcji,\u00a0<em><strong>Rustler 4X4\u00a0<\/strong><\/em>nabiera zupe\u0142nie nowych w\u0142a\u015bciwo\u015bci jezdnych.<\/p>\r\n\r\n\r\n\r\n<figure class=\"wp-block-image\"><img src=\"https:\/\/riku.pl\/zdjecia_opis\/67076-4\/67076-4_8.jpg\" alt=\"\" \/><\/figure>\r\n\r\n\r\n\r\n<p>Du\u017ce czarne chromowane ko\u0142a\u00a0<em><strong>Rustlera<\/strong><\/em>\u00a0o rozmiarze\u00a0<em><strong>2,8 cala<\/strong><\/em>, zapewniaj\u0105 du\u017cy prze\u015bwit.\u00a0Opony\u00a0<em><strong>Talon &#x2122; EXT<\/strong><\/em>\u00a0maj\u0105 kwadratow\u0105 &#8211; agresywn\u0105 rze\u017ab\u0119 bie\u017cnika, kt\u00f3ra zapewnia doskona\u0142\u0105 przyczepno\u015b\u0107 do ka\u017cdej nawierzchni.<\/p>\r\n\r\n\r\n\r\n<figure class=\"wp-block-image\"><img src=\"https:\/\/riku.pl\/zdjecia_opis\/67076-4\/67076-4_9.jpg\" alt=\"\" \/><\/figure>\r\n\r\n\r\n\r\n<p>Amortyzatory olejowe wykorzystuj\u0105 techmnologi\u0119 podw\u00f3jnych pier\u015bcieni\u00a0<em><strong>X<\/strong><\/em>, co zapewnia doskona\u0142\u0105 szczelno\u015b\u0107 i jedwabi\u015bcie g\u0142adk\u0105 prac\u0119.\u00a0Du\u017ca ilo\u015b\u0107 oleju i wytrzyma\u0142a konstrukcja zapewniaj\u0105 p\u0142ynn\u0105 jazd\u0119.\u00a0S\u0105 \u0142atwe do dostrojenia dzi\u0119ki szerokiej gamie dost\u0119pnych olej\u00f3w, spr\u0119\u017cyn i t\u0142ok\u00f3w.<\/p>\r\n\r\n\r\n\r\n<figure class=\"wp-block-image\"><img src=\"https:\/\/riku.pl\/zdjecia_opis\/67076-4\/67076-4_10.jpg\" alt=\"\" \/><\/figure>\r\n\r\n\r\n\r\n<p>Innowacyjne mocowanie silnika\u00a0<em><strong>Rustlera 4X4<\/strong><\/em>\u00a0utrzymuje silnik\u00a0<em><strong>Velineon 3500<\/strong><\/em>\u00a0bezpiecznie na swoim miejscu, a jednocze\u015bnie pozwala na jego regulacj\u0119 natychmiast &#8211;\u00a0 za pomoc\u0105 tylko jednej \u015bruby.<\/p>\r\n\r\n\r\n\r\n<figure class=\"wp-block-image\"><img src=\"https:\/\/riku.pl\/zdjecia_opis\/67076-4\/67076-4_11.jpg\" alt=\"\" \/><\/figure>\r\n\r\n\r\n\r\n<p>Maj\u0105c tak du\u017c\u0105 pr\u0119dko\u015b\u0107,\u00a0<strong>Rastler VXL<\/strong>\u00a0jest wyposa\u017cony w ca\u0142kowicie nowy &#8211; cyfrowy o wysokim momencie obrotowym wodoszczelny serwomechanizm \u00a0<strong>(#2075)<\/strong>\u00a0o b\u0142yskawicznej reakcji na ruchy kierownicy i budz\u0105cej zaufanie precyzji.<br \/>\u00a0<\/p>\r\n\r\n\r\n\r\n<figure class=\"wp-block-image\"><img src=\"https:\/\/riku.pl\/zdjecia_opis\/67076-4\/67076-4_12.jpg\" alt=\"\" \/><\/figure>\r\n\r\n\r\n\r\n<p>Wype\u0142niony olejem przedni i tylny dyferencja\u0142, posiada stalowe z\u0119batki w celu uzyskania maksymalnej trwa\u0142o\u015bci.\u00a0Uszczelki silikonowe i pier\u015bcienie uszczelniaj\u0105ce typu\u00a0<em><strong>&#8220;X&#8221;<\/strong><\/em>, pozwalaj\u0105 na regulacj\u0119 si\u0142y blokowania poprzez zmian\u0119 lepko\u015bci p\u0142ynu wewn\u0105trz mechanizm\u00f3w r\u00f3\u017cnicowych.<\/p>\r\n\r\n\r\n\r\n<figure class=\"wp-block-image\"><img src=\"https:\/\/riku.pl\/zdjecia_opis\/67076-4\/67076-4_13.jpg\" alt=\"\" \/><\/figure>\r\n\r\n\r\n\r\n<p>Nowe &#8211; wzmocnione zderzaki przednie i tylne, chroni\u0105 podwozie przed uderzeniami.\u00a0Specjalnie zaprojektowany przedni zderzak zapewnia wysoki k\u0105t natarcia, dzi\u0119ki kt\u00f3remu\u00a0<em><strong>Rustler<\/strong><\/em>\u00a0mo\u017ce z \u0142atwo\u015bci\u0105 wspi\u0105\u0107 si\u0119 na przeszkody.\u00a0Tylny zderzak wyposa\u017cony jest w w\u00f3zek bezpiecze\u0144ctwa, aby zapobiec przewracaniu si\u0119\u00a0<em><strong>Rustlera\u00a0<\/strong><\/em>w momencie wykorzystania pe\u0142nej mocy.<\/p>\r\n\r\n\r\n\r\n<figure class=\"wp-block-image\"><img src=\"https:\/\/riku.pl\/zdjecia_opis\/67076-4\/67076-4_14.jpg\" alt=\"\" \/><\/figure>\r\n\r\n\r\n\r\n<p>Nowe wahacze s\u0105 mocniejsze ni\u017c kiedykolwiek wcze\u015bniej.\u00a0Wyprofilowane z wytrzyma\u0142ego, nowego materia\u0142u kompozytowego s\u0105 odporne na z\u0142amanie i uszkodzenia zapewniaj\u0105c niezak\u0142\u00f3con\u0105 prac\u0119 uk\u0142adu jezdnego.<\/p>\r\n\r\n\r\n\r\n<figure class=\"wp-block-image\"><img src=\"https:\/\/riku.pl\/zdjecia_opis\/67076-4\/67076-4_15.jpg\" alt=\"\" \/><\/figure>\r\n\r\n\r\n\r\n<p>Aluminiowy &#8211; wyt\u0142aczany wa\u0142 nap\u0119dowy jest zar\u00f3wno mocny, jak i lekki.\u00a0Wewn\u0119trzne wpusty pasuj\u0105 bezpo\u015brednio do wa\u0142k\u00f3w wej\u015bciowych przedniego i tylnego zespo\u0142u nap\u0119dowego.\u00a0Wszystko razem sprawia, \u017ce ca\u0142y uk\u0142ad nap\u0119dowy pracuje p\u0142ynnie.<\/p>\r\n\r\n\r\n\r\n<figure class=\"wp-block-image\"><img src=\"https:\/\/riku.pl\/zdjecia_opis\/67076-4\/67076-4_16.jpg\" alt=\"\" \/><\/figure>\r\n\r\n\r\n\r\n<p>Progresywne spr\u0119\u017cyny amortyzator\u00f3w utrzymuj\u0105 przyczepno\u015b\u0107 na koleinach i wybojach.\u00a0Podczas du\u017cych skok\u00f3w terenu, spr\u0119\u017cyny napinaj\u0105 si\u0119, aby nie dopu\u015bci\u0107 do zderzenia podwozia w ekstremalnych zakresach zawieszenia.<\/p>\r\n\r\n\r\n\r\n<figure class=\"wp-block-image\"><img src=\"https:\/\/riku.pl\/zdjecia_opis\/67076-4\/67076-4_17.jpg\" alt=\"\" \/><\/figure>\r\n\r\n\r\n\r\n<p>Ekstremalnie wytrzyma\u0142e p\u00f3\u0142osie s\u0105 wzorowane na legendarnym\u00a0<em><strong>Slashu 4X4<\/strong><\/em>\u00a0i do tego s\u0105 wzmocnione\u00a0w krytycznych obszarach. Dzi\u0119ki temu mog\u0105 przenie\u015b\u0107 jeszcze wi\u0119kszy moment obrotowy na opony.<\/p>\r\n\r\n\r\n\r\n<figure class=\"wp-block-image\"><img src=\"https:\/\/riku.pl\/zdjecia_opis\/67076-4\/67076-4_19.jpg\" alt=\"\" \/><\/figure>\r\n\r\n\r\n\r\n<p>Rustler u\u017cywa wytrzyma\u0142ego ko\u0142a z\u0119batego o\u00a0module 0,8\u00a0 i 32 z\u0119bach, kt\u00f3re zapewnia niezawodno\u015b\u0107 bez wzgl\u0119du na to, jak du\u017c\u0105 moc przenosi.<\/p>\r\n\r\n\r\n\r\n<figure class=\"wp-block-image\"><img src=\"https:\/\/riku.pl\/zdjecia_opis\/67076-4\/67076-4_18.jpg\" alt=\"\" \/><\/figure>\r\n\r\n\r\n\r\n<p>System\u00a0<em><strong>Servo SaverOptimum<\/strong><\/em>, zapewnia p\u0142ynne dzia\u0142anie w najtrudniejszych warunkach.\u00a0Zintegrowany system servo saver chroni przek\u0142adnie serwa przed uderzeniami bez uszczerbku dla precyzji sterowania.<\/p>\r\n\r\n\r\n\r\n<figure class=\"wp-block-image\"><img src=\"https:\/\/riku.pl\/zdjecia_opis\/67076-4\/67076-4_21.jpg\" alt=\"\" \/><\/figure>\r\n\r\n\r\n\r\n<p>Nowa karoseria<em><strong>\u00a0ProGraphix &#x2122;\u00a0<\/strong><\/em>jest ca\u0142kowicie wyko\u0144czona i gotowa do u\u017cytku. Wewn\u0119trzne\u00a0wzmocnienia utrzymuj\u0105 integralno\u015b\u0107 nadwozia, a po\u015blizgowe dachy zapewniaj\u0105 ochron\u0119 przed przewr\u00f3ceniem.<\/p>\r\n\r\n\r\n\r\n<figure class=\"wp-block-image\"><img src=\"https:\/\/riku.pl\/zdjecia_opis\/67076-4\/67076-4_22.jpg\" alt=\"\" \/><\/figure>\r\n\r\n\r\n\r\n<p>Funkcjonalny &#8211; tylny spojler, zmniejsza op\u00f3r przy jednoczesnym zapewnieniu wysokiej si\u0142y docisku, kt\u00f3ra zwi\u0119ksza stabilno\u015bci przy du\u017cej pr\u0119dko\u015bci.\u00a0Spojler jest montowany bezpo\u015brednio na wewn\u0119trznych wzmocnieniach nadwozia, co zapewnia wytrzyma\u0142e mocowanie.<\/p>\r\n\r\n\r\n\r\n<figure class=\"wp-block-image\"><img src=\"https:\/\/riku.pl\/zdjecia_opis\/67076-4\/67076-4_23.jpg\" alt=\"\" \/><\/figure>\r\n\r\n\r\n\r\n<p>Karoseria posiada zatrzaskowe mocowanie, specjalnie zaprojektowane do karoserii\u00a0<em><strong>ProGraphix &#x2122;.\u00a0<\/strong><\/em>Zatrzask jest \u0142atwy w obs\u0142udze i odblokowuje si\u0119 b\u0142yskawicznie za pomoc\u0105 szybkiego przesuni\u0119cia.<\/p>\r\n\r\n\r\n\r\n<figure class=\"wp-block-image\"><img src=\"https:\/\/riku.pl\/zdjecia_opis\/67076-4\/67076-4_24.jpg\" alt=\"\" \/><\/figure>\r\n\r\n\r\n\r\n<p>Ulepszone mocowanie pakietu nap\u0119dowego pozwala na umieszczenie pakietu p\u0142askiego lub pakietu z\u00a0garbem. Udoskonalony zatrzask, zapewnia solidn\u0105 blokad\u0119 w celu ochrony pakietu podczas ekstremalnej jazdy.<\/p>\r\n\r\n\r\n\r\n<figure class=\"wp-block-image\"><img src=\"https:\/\/riku.pl\/zdjecia_opis\/67076-4\/67076-4_25.jpg\" alt=\"\" \/><\/figure>\r\n\r\n\r\n\r\n<p>\u0141o\u017cyska kulkowe z uszczelniaczami gumowymi, zapewniaj\u0105 minimalne tarcie, prezyzj\u0119 obrotu i ochron\u0119 przed zanieczyszczeniami.<\/p>\r\n\r\n\r\n\r\n<figure class=\"wp-block-image\"><img src=\"https:\/\/riku.pl\/zdjecia_opis\/67076-4\/67076-4_26.jpg\" alt=\"\" \/><\/figure>\r\n\r\n\r\n\r\n<p>W\u00f3zek bezpiecze\u0144stwa jest absolutn\u0105 konieczno\u015bci\u0105 w poje\u017adzie o potencjale mocy i pr\u0119dko\u015bci Rustlera 4X4 VXL.\u00a0Wzmocnione prowadnice k\u00f3\u0142, zapewniaj\u0105 dodatkow\u0105 odporno\u015b\u0107 na uderzenia<\/p>\r\n\r\n\r\n\r\n<p><strong>Tabela doboru pakiet\u00f3w nap\u0119dowych w zale\u017cno\u015bci od oczekiwanych osi\u0105g\u00f3w modelu.<\/strong><\/p>\r\n\r\n\r\n\r\n<figure class=\"wp-block-image\"><img src=\"https:\/\/riku.pl\/zdjecia_opis\/67076-4\/speed-chart.png\" alt=\"\" \/><\/figure>\r\n\r\n\r\n\r\n<p><em>*\u00a0 z\u0119batka fabryczna<\/em><br \/><em>*<\/em><em>*\u00a0 opcjonalna z\u0119batka do\u0142\u0105czona do zestawu<br \/>+ z\u0119batka opcjonalna<\/em><\/p>\r\n\r\n\r\n\r\n<p><strong>MODEL 67076-4.\u00a0<em>Rustler 4X4 VXL<\/em><\/strong>\u00a0w pe\u0142ni zmontowany z wodoszczeln\u0105 elektronik\u0105, dwukana\u0142owym systemem radiowym\u00a0<em><strong>TQi &#x2122; 2,4 GHz<\/strong><\/em>, systemem\u00a0<em><strong>Traxxas Stability Management\u00ae<\/strong><\/em>, regulatorem obrot\u00f3w\u00a0<em><strong>VXL-3s<\/strong><\/em>\u00a0i pomalowan\u0105 karoseri\u0105\u00a0<em><strong>ProGraphix\u00ae.<\/strong><\/em><\/p>\r\n\r\n\r\n\r\n<p><strong>UWAGA. Model nie zawiera zasilania nadajnika (4xAA), pakietu nap\u0119dowego oraz \u0142adowarki pakietu.<\/strong><\/p>\r\n","protected":false},"excerpt":{"rendered":"<p>Nowy Rustler 4X4 VXL z systemem TSM wersja Rock&amp;Roll Zupe\u0142nie nowy\u00a0Rustler 4X4 VXL, to maszyna kt\u00f3ra oddaje szybko\u015b\u0107 i klasyczny styl najlepiej sprzedaj\u0105cego si\u0119 modelu\u00a0Rustler. Wprowadza brutaln\u0105 wydajno\u015b\u0107 nap\u0119du na cztery ko\u0142a, zwi\u0119kszon\u0105 wytrzyma\u0142o\u015b\u0107 i jeszcze wi\u0119cej rado\u015bci!Pod eleganckim i zwartym nadwoziem, bezszczotkowy silnik\u00a0Velineon\u00a0zapewnia ekstremaln\u0105 moc.\u00a0Wi\u0119ksze ko\u0142a i opony\u00a0Talon &#x2122; EXT\u00a0zapewniaj\u0105 wszechstronno\u015b\u0107 i przyczepno\u015b\u0107 do&#8230;<\/p>\n","protected":false},"featured_media":5944,"comment_status":"open","ping_status":"closed","template":"","meta":{"_s2mail":"yes"},"product_cat":[487],"product_tag":[875],"_links":{"self":[{"href":"https:\/\/sklep.aveos.pl\/index.php\/wp-json\/wp\/v2\/product\/5940"}],"collection":[{"href":"https:\/\/sklep.aveos.pl\/index.php\/wp-json\/wp\/v2\/product"}],"about":[{"href":"https:\/\/sklep.aveos.pl\/index.php\/wp-json\/wp\/v2\/types\/product"}],"replies":[{"embeddable":true,"href":"https:\/\/sklep.aveos.pl\/index.php\/wp-json\/wp\/v2\/comments?post=5940"}],"wp:featuredmedia":[{"embeddable":true,"href":"https:\/\/sklep.aveos.pl\/index.php\/wp-json\/wp\/v2\/media\/5944"}],"wp:attachment":[{"href":"https:\/\/sklep.aveos.pl\/index.php\/wp-json\/wp\/v2\/media?parent=5940"}],"wp:term":[{"taxonomy":"product_cat","embeddable":true,"href":"https:\/\/sklep.aveos.pl\/index.php\/wp-json\/wp\/v2\/product_cat?post=5940"},{"taxonomy":"product_tag","embeddable":true,"href":"https:\/\/sklep.aveos.pl\/index.php\/wp-json\/wp\/v2\/product_tag?post=5940"}],"curies":[{"name":"wp","href":"https:\/\/api.w.org\/{rel}","templated":true}]}}