{"id":5958,"date":"2021-04-20T14:59:25","date_gmt":"2021-04-20T12:59:25","guid":{"rendered":"http:\/\/sklep.aveos.pl\/?post_type=product&#038;p=5958"},"modified":"2021-04-20T15:20:31","modified_gmt":"2021-04-20T13:20:31","slug":"traxxas-komplet-oswietlenia-trx-4-ford-bronco-8035","status":"publish","type":"product","link":"https:\/\/sklep.aveos.pl\/index.php\/produkt\/traxxas-komplet-oswietlenia-trx-4-ford-bronco-8035\/","title":{"rendered":"TRAXXAS &#8211; komplet o\u015bwietlenia TRX-4 Ford Bronco  8035"},"content":{"rendered":"\n<p>Oryginalne zestawy o\u015bwietleniowe\u00a0<em><strong>LED<\/strong><\/em>\u00a0dla\u00a0<em><strong>TRX-4<\/strong><\/em>\u00a0zosta\u0142y zaprojektowane z tak\u0105 sam\u0105 jako\u015bci\u0105 i dba\u0142o\u015bci\u0105 o szczeg\u00f3\u0142y, jak sama ci\u0119\u017car\u00f3wka Ford Bronco<\/p>\n","protected":false},"excerpt":{"rendered":"<p>Oryginalne zestawy o\u015bwietleniowe\u00a0LED\u00a0dla\u00a0TRX-4\u00a0zosta\u0142y zaprojektowane z tak\u0105 sam\u0105 jako\u015bci\u0105 i dba\u0142o\u015bci\u0105 o szczeg\u00f3\u0142y, jak sama ci\u0119\u017car\u00f3wka Ford Bronco<\/p>\n","protected":false},"featured_media":5961,"comment_status":"open","ping_status":"closed","template":"","meta":{"_s2mail":"yes"},"product_cat":[507],"product_tag":[],"_links":{"self":[{"href":"https:\/\/sklep.aveos.pl\/index.php\/wp-json\/wp\/v2\/product\/5958"}],"collection":[{"href":"https:\/\/sklep.aveos.pl\/index.php\/wp-json\/wp\/v2\/product"}],"about":[{"href":"https:\/\/sklep.aveos.pl\/index.php\/wp-json\/wp\/v2\/types\/product"}],"replies":[{"embeddable":true,"href":"https:\/\/sklep.aveos.pl\/index.php\/wp-json\/wp\/v2\/comments?post=5958"}],"wp:featuredmedia":[{"embeddable":true,"href":"https:\/\/sklep.aveos.pl\/index.php\/wp-json\/wp\/v2\/media\/5961"}],"wp:attachment":[{"href":"https:\/\/sklep.aveos.pl\/index.php\/wp-json\/wp\/v2\/media?parent=5958"}],"wp:term":[{"taxonomy":"product_cat","embeddable":true,"href":"https:\/\/sklep.aveos.pl\/index.php\/wp-json\/wp\/v2\/product_cat?post=5958"},{"taxonomy":"product_tag","embeddable":true,"href":"https:\/\/sklep.aveos.pl\/index.php\/wp-json\/wp\/v2\/product_tag?post=5958"}],"curies":[{"name":"wp","href":"https:\/\/api.w.org\/{rel}","templated":true}]}}