{"id":6034,"date":"2021-05-16T19:54:29","date_gmt":"2021-05-16T17:54:29","guid":{"rendered":"http:\/\/sklep.aveos.pl\/?post_type=product&#038;p=6034"},"modified":"2023-01-09T14:29:01","modified_gmt":"2023-01-09T13:29:01","slug":"dji-fpv-goggles-v2","status":"publish","type":"product","link":"https:\/\/sklep.aveos.pl\/index.php\/produkt\/dji-fpv-goggles-v2\/","title":{"rendered":"DJI FPV Goggles V2"},"content":{"rendered":"\n<p>Gogle DJI FPV V2 z transmisj\u0105 obrazu DJI O3 wyr\u00f3\u017cniaj\u0105 si\u0119 wysok\u0105 rozdzielczo\u015bci\u0105, niskim op\u00f3\u017anieniem, przekazem sygna\u0142u na du\u017ce odleg\u0142o\u015bci oraz odporno\u015bci\u0105 na zak\u0142\u00f3cenia. Do\u0142\u0105czony do zestawu akumulator do Gogli DJI FPV po ca\u0142kowitym na\u0142adowaniu gwarantuje nawet do 110 minut lotu.<\/p>\n\n\n\n<figure class=\"wp-block-image size-large\"><img loading=\"lazy\" width=\"1024\" height=\"683\" src=\"http:\/\/sklep.aveos.pl\/wp-content\/uploads\/2021\/05\/pol_pl_DJI-FPV-Goggles-V2-20037_4-1024x683.jpg\" alt=\"\" class=\"wp-image-6038\" srcset=\"https:\/\/sklep.aveos.pl\/wp-content\/uploads\/2021\/05\/pol_pl_DJI-FPV-Goggles-V2-20037_4-1024x683.jpg 1024w, https:\/\/sklep.aveos.pl\/wp-content\/uploads\/2021\/05\/pol_pl_DJI-FPV-Goggles-V2-20037_4-300x200.jpg 300w, https:\/\/sklep.aveos.pl\/wp-content\/uploads\/2021\/05\/pol_pl_DJI-FPV-Goggles-V2-20037_4-768x512.jpg 768w, https:\/\/sklep.aveos.pl\/wp-content\/uploads\/2021\/05\/pol_pl_DJI-FPV-Goggles-V2-20037_4-180x120.jpg 180w, https:\/\/sklep.aveos.pl\/wp-content\/uploads\/2021\/05\/pol_pl_DJI-FPV-Goggles-V2-20037_4-400x267.jpg 400w, https:\/\/sklep.aveos.pl\/wp-content\/uploads\/2021\/05\/pol_pl_DJI-FPV-Goggles-V2-20037_4-600x400.jpg 600w, https:\/\/sklep.aveos.pl\/wp-content\/uploads\/2021\/05\/pol_pl_DJI-FPV-Goggles-V2-20037_4.jpg 1200w\" sizes=\"(max-width: 1024px) 100vw, 1024px\" \/><\/figure>\n\n\n\n<h3>Specyfikacja<\/h3>\n\n\n\n<h3>Gogle DJI FPV V2<\/h3>\n\n\n\n<figure class=\"wp-block-table\"><table><tbody><tr><th>Waga<\/th><td>Oko\u0142o 420 g (razem z obejm\u0105 na g\u0142ow\u0119 i antenami)<\/td><\/tr><tr><th>Wymiary<\/th><td>184x122x110 mm (bez anten);<br>202x126x110 mm (z antenami)<\/td><\/tr><tr><th>Rozmiar ekranu<\/th><td>2\u201d x2<\/td><\/tr><tr><th>Cz\u0119stotliwo\u015b\u0107 od\u015bwie\u017cania ekranu<\/th><td>144 Hz<\/td><\/tr><tr><th>Zakres cz\u0119stotliwo\u015bci<\/th><td>2.400-2.4835 GHz;<br>5.725-5.850 GHz<\/td><\/tr><tr><th>Moc transmisji (EIRP)<\/th><td>2.4 GHz: \u226428.5 dBm (FCC), \u226420 dBm (CE\/SRRC\/MIC);<br>5.8 GHz: \u226431.5 dBm (FCC), \u226419 dBm (SRRC), \u226414 dBm (CE)<\/td><\/tr><tr><th>Przepustowo\u015b\u0107 komunikacji<\/th><td>Maks. 40 MHz<\/td><\/tr><tr><th>Tryb Live View<\/th><td>Tryb niskiego op\u00f3\u017anienia latencji (810p 100fps\/120fps), op\u00f3\u017anienie \u2264 28 ms;<br>Tryb wysokiej jako\u015bci (810p 50fps\/60fps), op\u00f3\u017anienie , \u2264 40 ms<br><br>*FOV 150 \u00b0 jest dost\u0119pne podczas nagrywania w 50fps lub 100fps. W przypadku innych cz\u0119stotliwo\u015bci od\u015bwie\u017cania<br>pole widzenia b\u0119dzie wynosi\u0107 142\u00b0.<\/td><\/tr><tr><th>Maks. pr\u0119dko\u015b\u0107 transmisji wideo<\/th><td>50 Mbps<\/td><\/tr><tr><th>Zasi\u0119g transmisji<\/th><td>6 km (CE\/SRRC\/MIC), 10 km (FCC)<\/td><\/tr><tr><th>Format zapisu wideo<\/th><td>MP4 (H.264)<\/td><\/tr><tr><th>Format odtwarzania wideo<\/th><td>MP4, MOV, MKV (Format wideo: H.264; format Audio: AAC-LC, AAC-HE, AC-3, MP3)<\/td><\/tr><tr><th>Temperatura pracy<\/th><td>0\u00b0 do 40\u00b0 C<\/td><\/tr><tr><th>Wej\u015bcie zasilania<\/th><td>Rekomendowane: Akumulator DJI FPV Goggles;<br>Pozosta\u0142e akumulatory: 11,1-25,2 V<\/td><\/tr><tr><th>FOV<\/th><td>30\u00b0 do 54\u00b0;<br>Rozmiar obrazu: 50-100%<\/td><\/tr><tr><th>Zakres odleg\u0142o\u015bci mi\u0119dzy \u017arenicami<\/th><td>58-70 mm<\/td><\/tr><tr><th>Obs\u0142ugiwane karty microSD<\/th><td>Karta microSD (do 256 GB)<\/td><\/tr><\/tbody><\/table><\/figure>\n\n\n\n<figure class=\"wp-block-image size-large\"><img loading=\"lazy\" width=\"1024\" height=\"683\" src=\"http:\/\/sklep.aveos.pl\/wp-content\/uploads\/2021\/05\/pol_pl_DJI-FPV-Goggles-V2-20037_5-1024x683.jpg\" alt=\"\" class=\"wp-image-6039\" srcset=\"https:\/\/sklep.aveos.pl\/wp-content\/uploads\/2021\/05\/pol_pl_DJI-FPV-Goggles-V2-20037_5-1024x683.jpg 1024w, https:\/\/sklep.aveos.pl\/wp-content\/uploads\/2021\/05\/pol_pl_DJI-FPV-Goggles-V2-20037_5-300x200.jpg 300w, https:\/\/sklep.aveos.pl\/wp-content\/uploads\/2021\/05\/pol_pl_DJI-FPV-Goggles-V2-20037_5-768x512.jpg 768w, https:\/\/sklep.aveos.pl\/wp-content\/uploads\/2021\/05\/pol_pl_DJI-FPV-Goggles-V2-20037_5-180x120.jpg 180w, https:\/\/sklep.aveos.pl\/wp-content\/uploads\/2021\/05\/pol_pl_DJI-FPV-Goggles-V2-20037_5-400x267.jpg 400w, https:\/\/sklep.aveos.pl\/wp-content\/uploads\/2021\/05\/pol_pl_DJI-FPV-Goggles-V2-20037_5-600x400.jpg 600w, https:\/\/sklep.aveos.pl\/wp-content\/uploads\/2021\/05\/pol_pl_DJI-FPV-Goggles-V2-20037_5.jpg 1200w\" sizes=\"(max-width: 1024px) 100vw, 1024px\" \/><\/figure>\n\n\n\n<h3>Akumulator do Gogli DJI FPV V2<\/h3>\n\n\n\n<figure class=\"wp-block-table\"><table><tbody><tr><th>Pojemno\u015b\u0107 akumulatora<\/th><td>1800 mAh<\/td><\/tr><tr><th>Napi\u0119cie<\/th><td>Maks. 9 V<\/td><\/tr><tr><th>Typ akumulatora<\/th><td>Lipo 2S<\/td><\/tr><tr><th>Energia<\/th><td>18 Wh<\/td><\/tr><tr><th>Zakres temperatury \u0142adowania<\/th><td>0\u00b0 do 45\u00b0C<\/td><\/tr><tr><th>Maks. moc \u0142adowania<\/th><td>10 W<\/td><\/tr><tr><th>Czas pracy<\/th><td>Oko\u0142o 1h 50 min (przy temperaturze otoczenia 25\u00b0C i jasno\u015bci ekranu 6)<\/td><\/tr><\/tbody><\/table><\/figure>\n\n\n\n<figure class=\"wp-block-gallery columns-3 is-cropped\"><ul class=\"blocks-gallery-grid\"><li class=\"blocks-gallery-item\"><figure><img loading=\"lazy\" width=\"1024\" height=\"683\" src=\"http:\/\/sklep.aveos.pl\/wp-content\/uploads\/2021\/05\/pol_pl_DJI-FPV-Goggles-V2-20037_7-1024x683.jpg\" alt=\"\" data-id=\"6041\" data-full-url=\"http:\/\/sklep.aveos.pl\/wp-content\/uploads\/2021\/05\/pol_pl_DJI-FPV-Goggles-V2-20037_7.jpg\" data-link=\"http:\/\/sklep.aveos.pl\/?attachment_id=6041\" class=\"wp-image-6041\" srcset=\"https:\/\/sklep.aveos.pl\/wp-content\/uploads\/2021\/05\/pol_pl_DJI-FPV-Goggles-V2-20037_7-1024x683.jpg 1024w, https:\/\/sklep.aveos.pl\/wp-content\/uploads\/2021\/05\/pol_pl_DJI-FPV-Goggles-V2-20037_7-300x200.jpg 300w, https:\/\/sklep.aveos.pl\/wp-content\/uploads\/2021\/05\/pol_pl_DJI-FPV-Goggles-V2-20037_7-768x512.jpg 768w, https:\/\/sklep.aveos.pl\/wp-content\/uploads\/2021\/05\/pol_pl_DJI-FPV-Goggles-V2-20037_7-400x267.jpg 400w, https:\/\/sklep.aveos.pl\/wp-content\/uploads\/2021\/05\/pol_pl_DJI-FPV-Goggles-V2-20037_7-600x400.jpg 600w, https:\/\/sklep.aveos.pl\/wp-content\/uploads\/2021\/05\/pol_pl_DJI-FPV-Goggles-V2-20037_7.jpg 1200w\" sizes=\"(max-width: 1024px) 100vw, 1024px\" \/><\/figure><\/li><li class=\"blocks-gallery-item\"><figure><img loading=\"lazy\" width=\"1024\" height=\"683\" src=\"http:\/\/sklep.aveos.pl\/wp-content\/uploads\/2021\/05\/pol_pl_DJI-FPV-Goggles-V2-20037_6-1024x683.jpg\" alt=\"\" data-id=\"6040\" data-full-url=\"http:\/\/sklep.aveos.pl\/wp-content\/uploads\/2021\/05\/pol_pl_DJI-FPV-Goggles-V2-20037_6.jpg\" data-link=\"http:\/\/sklep.aveos.pl\/?attachment_id=6040\" class=\"wp-image-6040\" srcset=\"https:\/\/sklep.aveos.pl\/wp-content\/uploads\/2021\/05\/pol_pl_DJI-FPV-Goggles-V2-20037_6-1024x683.jpg 1024w, https:\/\/sklep.aveos.pl\/wp-content\/uploads\/2021\/05\/pol_pl_DJI-FPV-Goggles-V2-20037_6-300x200.jpg 300w, https:\/\/sklep.aveos.pl\/wp-content\/uploads\/2021\/05\/pol_pl_DJI-FPV-Goggles-V2-20037_6-768x512.jpg 768w, https:\/\/sklep.aveos.pl\/wp-content\/uploads\/2021\/05\/pol_pl_DJI-FPV-Goggles-V2-20037_6-400x267.jpg 400w, https:\/\/sklep.aveos.pl\/wp-content\/uploads\/2021\/05\/pol_pl_DJI-FPV-Goggles-V2-20037_6-600x400.jpg 600w, https:\/\/sklep.aveos.pl\/wp-content\/uploads\/2021\/05\/pol_pl_DJI-FPV-Goggles-V2-20037_6.jpg 1200w\" sizes=\"(max-width: 1024px) 100vw, 1024px\" \/><\/figure><\/li><li class=\"blocks-gallery-item\"><figure><img loading=\"lazy\" width=\"1024\" height=\"683\" src=\"http:\/\/sklep.aveos.pl\/wp-content\/uploads\/2021\/05\/pol_pl_DJI-FPV-Goggles-V2-20037_3-1024x683.jpg\" alt=\"\" data-id=\"6037\" data-full-url=\"http:\/\/sklep.aveos.pl\/wp-content\/uploads\/2021\/05\/pol_pl_DJI-FPV-Goggles-V2-20037_3.jpg\" data-link=\"http:\/\/sklep.aveos.pl\/?attachment_id=6037\" class=\"wp-image-6037\" srcset=\"https:\/\/sklep.aveos.pl\/wp-content\/uploads\/2021\/05\/pol_pl_DJI-FPV-Goggles-V2-20037_3-1024x683.jpg 1024w, https:\/\/sklep.aveos.pl\/wp-content\/uploads\/2021\/05\/pol_pl_DJI-FPV-Goggles-V2-20037_3-300x200.jpg 300w, https:\/\/sklep.aveos.pl\/wp-content\/uploads\/2021\/05\/pol_pl_DJI-FPV-Goggles-V2-20037_3-768x512.jpg 768w, https:\/\/sklep.aveos.pl\/wp-content\/uploads\/2021\/05\/pol_pl_DJI-FPV-Goggles-V2-20037_3-400x267.jpg 400w, https:\/\/sklep.aveos.pl\/wp-content\/uploads\/2021\/05\/pol_pl_DJI-FPV-Goggles-V2-20037_3-600x400.jpg 600w, https:\/\/sklep.aveos.pl\/wp-content\/uploads\/2021\/05\/pol_pl_DJI-FPV-Goggles-V2-20037_3.jpg 1200w\" sizes=\"(max-width: 1024px) 100vw, 1024px\" \/><\/figure><\/li><li class=\"blocks-gallery-item\"><figure><img loading=\"lazy\" width=\"1024\" height=\"683\" src=\"http:\/\/sklep.aveos.pl\/wp-content\/uploads\/2021\/05\/pol_pl_DJI-FPV-Goggles-V2-20037_2-1024x683.jpg\" alt=\"\" data-id=\"6036\" data-full-url=\"http:\/\/sklep.aveos.pl\/wp-content\/uploads\/2021\/05\/pol_pl_DJI-FPV-Goggles-V2-20037_2.jpg\" data-link=\"http:\/\/sklep.aveos.pl\/?attachment_id=6036\" class=\"wp-image-6036\" srcset=\"https:\/\/sklep.aveos.pl\/wp-content\/uploads\/2021\/05\/pol_pl_DJI-FPV-Goggles-V2-20037_2-1024x683.jpg 1024w, https:\/\/sklep.aveos.pl\/wp-content\/uploads\/2021\/05\/pol_pl_DJI-FPV-Goggles-V2-20037_2-300x200.jpg 300w, https:\/\/sklep.aveos.pl\/wp-content\/uploads\/2021\/05\/pol_pl_DJI-FPV-Goggles-V2-20037_2-768x512.jpg 768w, https:\/\/sklep.aveos.pl\/wp-content\/uploads\/2021\/05\/pol_pl_DJI-FPV-Goggles-V2-20037_2-400x267.jpg 400w, https:\/\/sklep.aveos.pl\/wp-content\/uploads\/2021\/05\/pol_pl_DJI-FPV-Goggles-V2-20037_2-600x400.jpg 600w, https:\/\/sklep.aveos.pl\/wp-content\/uploads\/2021\/05\/pol_pl_DJI-FPV-Goggles-V2-20037_2.jpg 1200w\" sizes=\"(max-width: 1024px) 100vw, 1024px\" \/><\/figure><\/li><\/ul><\/figure>\n\n\n\n<p>Zapraszamy do prezentacji i odbioru osobistego w Poznaniu przy ul.D\u0105browskiego 54,<\/p>\n\n\n\n<p>Przed zakupem prosimy o kontakt pod nr 502 237 604 w celu potwierdzenia dost\u0119pno\u015bci<\/p>\n","protected":false},"excerpt":{"rendered":"<p>Gogle DJI FPV V2 z transmisj\u0105 obrazu DJI O3 wyr\u00f3\u017cniaj\u0105 si\u0119 wysok\u0105 rozdzielczo\u015bci\u0105, niskim op\u00f3\u017anieniem, przekazem sygna\u0142u na du\u017ce odleg\u0142o\u015bci oraz odporno\u015bci\u0105 na zak\u0142\u00f3cenia. Do\u0142\u0105czony do zestawu akumulator do Gogli DJI FPV po ca\u0142kowitym na\u0142adowaniu gwarantuje nawet do 110 minut lotu. Specyfikacja Gogle DJI FPV V2 Waga Oko\u0142o 420 g (razem z obejm\u0105 na g\u0142ow\u0119&#8230;<\/p>\n","protected":false},"featured_media":6035,"comment_status":"open","ping_status":"closed","template":"","meta":{"_s2mail":"yes"},"product_cat":[872,497,484],"product_tag":[],"_links":{"self":[{"href":"https:\/\/sklep.aveos.pl\/index.php\/wp-json\/wp\/v2\/product\/6034"}],"collection":[{"href":"https:\/\/sklep.aveos.pl\/index.php\/wp-json\/wp\/v2\/product"}],"about":[{"href":"https:\/\/sklep.aveos.pl\/index.php\/wp-json\/wp\/v2\/types\/product"}],"replies":[{"embeddable":true,"href":"https:\/\/sklep.aveos.pl\/index.php\/wp-json\/wp\/v2\/comments?post=6034"}],"wp:featuredmedia":[{"embeddable":true,"href":"https:\/\/sklep.aveos.pl\/index.php\/wp-json\/wp\/v2\/media\/6035"}],"wp:attachment":[{"href":"https:\/\/sklep.aveos.pl\/index.php\/wp-json\/wp\/v2\/media?parent=6034"}],"wp:term":[{"taxonomy":"product_cat","embeddable":true,"href":"https:\/\/sklep.aveos.pl\/index.php\/wp-json\/wp\/v2\/product_cat?post=6034"},{"taxonomy":"product_tag","embeddable":true,"href":"https:\/\/sklep.aveos.pl\/index.php\/wp-json\/wp\/v2\/product_tag?post=6034"}],"curies":[{"name":"wp","href":"https:\/\/api.w.org\/{rel}","templated":true}]}}