{"id":6109,"date":"2021-06-24T17:26:13","date_gmt":"2021-06-24T15:26:13","guid":{"rendered":"http:\/\/sklep.aveos.pl\/?post_type=product&#038;p=6109"},"modified":"2021-11-16T16:58:16","modified_gmt":"2021-11-16T15:58:16","slug":"6109","status":"publish","type":"product","link":"https:\/\/sklep.aveos.pl\/index.php\/produkt\/6109\/","title":{"rendered":"\u0141adowarka TRAXXAS EZ-Peak Live DUAL 2973G"},"content":{"rendered":"<p><strong>\u0141adowarka EZ-Peak Live DUAL z balanserem, firmy\u00a0TRAXXAS, do pakiet\u00f3w LiPo i NiMh.<\/strong><\/p>\n<p><strong>EZ-Peak Live Dual\u00a0<\/strong>przeznaczona jest do obs\u0142ugi dw\u00f3ch pakiet\u00f3w, i zasilana jest pr\u0105dem zmiennym\u00a0<em><strong>220V<\/strong><\/em>.<br \/>\nUrz\u0105dzenie to pozwala na proste i \u0142atwe \u0142adowanie, bez ustawiania i programowania.<br \/>\nGniazda pod\u0142\u0105czeniowe kompatybilne z wtyczkami\u00a0<em><strong>Traxxas&#8221;a.<\/strong><\/em>\u00a0W przypadku pakiet\u00f3w\u00a0<em><strong>LiPo iD<\/strong><\/em>, gniazda obs\u0142uguj\u0105 r\u00f3wnie\u017a pod\u0142\u0105czenia balansera.<\/p>\n<p><img loading=\"lazy\" class=\"alignnone wp-image-6115 aligncenter\" src=\"http:\/\/sklep.aveos.pl\/wp-content\/uploads\/2021\/06\/2973-EZ-Peak-Live-Dual-w-Batteries-Tablet-300x229.jpg\" alt=\"\" width=\"351\" height=\"268\" srcset=\"https:\/\/sklep.aveos.pl\/wp-content\/uploads\/2021\/06\/2973-EZ-Peak-Live-Dual-w-Batteries-Tablet-300x229.jpg 300w, https:\/\/sklep.aveos.pl\/wp-content\/uploads\/2021\/06\/2973-EZ-Peak-Live-Dual-w-Batteries-Tablet-1024x783.jpg 1024w, https:\/\/sklep.aveos.pl\/wp-content\/uploads\/2021\/06\/2973-EZ-Peak-Live-Dual-w-Batteries-Tablet-768x587.jpg 768w, https:\/\/sklep.aveos.pl\/wp-content\/uploads\/2021\/06\/2973-EZ-Peak-Live-Dual-w-Batteries-Tablet-1536x1175.jpg 1536w, https:\/\/sklep.aveos.pl\/wp-content\/uploads\/2021\/06\/2973-EZ-Peak-Live-Dual-w-Batteries-Tablet-400x306.jpg 400w, https:\/\/sklep.aveos.pl\/wp-content\/uploads\/2021\/06\/2973-EZ-Peak-Live-Dual-w-Batteries-Tablet-600x459.jpg 600w, https:\/\/sklep.aveos.pl\/wp-content\/uploads\/2021\/06\/2973-EZ-Peak-Live-Dual-w-Batteries-Tablet.jpg 1959w\" sizes=\"(max-width: 351px) 100vw, 351px\" \/><\/p>\n<p><strong>EZ-Peak Live Dual\u00a0<\/strong>pozwala na r\u00f3wnoczesne \u0142adowanie pakietu typu<strong>\u00a0NiMh<\/strong>\u00a0oraz typu\u00a0<strong>LiPo<\/strong>.<br \/>\nW przypadku \u0142adowania dw\u00f3ch pakiet\u00f3w r\u00f3wnocze\u015bnie, pr\u0105d \u0142adowania na jednym wyj\u015bciu to\u00a0<strong>2,0-13,4A<\/strong>\u00a0w zale\u017cno\u015bci od rodzaju pakietu. W przypadku \u0142adowania jednego pakietu, pr\u0105d \u0142adowania na wyj\u015bciu to\u00a0<strong>5-16A<\/strong>\u00a0w zale\u017cno\u015bci od rodzaju pakietu.<\/p>\n<p><strong>EZ-Peak Live Dual\u00a0<\/strong>wyposa\u017cona jest w niezale\u017cne wyj\u015bcie\u00a0<strong>USB \/ 2A<\/strong>.<\/p>\n<p><span id=\"result_box\" lang=\"pl\"><strong>EZ-Peak Live Dual\u00a0<\/strong>posiada wbudowany interfejs\u00a0<strong>Bluetooth<\/strong>\u00a0pozwalaj\u0105cy na bezproblemow\u0105 wsp\u00f3\u0142prac\u0119 z now\u0105 aplikacj\u0105\u00a0<strong>Traxxas EZ-Peak Live&#x2122;<\/strong>\u00a0w systemie\u00a0<strong>iOS<\/strong>\u00a0i\u00a0<strong>Android<\/strong>.\u00a0Aplikacja\u00a0<strong>EZ-Peak Live<\/strong>\u00a0zapewnia szczeg\u00f3\u0142owe informacje, zdalne monitorowanie i zaawansowane funkcje operacyjne dzi\u0119ki kolorowemu interfejsowi wysokiej rozdzielczo\u015bci na urz\u0105dzeniu mobilnym.<\/span><\/p>\n<p><span lang=\"pl\"><strong>EZ-Peak Live Dual\u00a0<\/strong>posiada funkcj\u0119\u00a0<strong>MAXX Power<\/strong>, kt\u00f3ra\u00a0<span id=\"result_box\" lang=\"pl\">w pe\u0142ni wykorzystuje mo\u017cliwo\u015bci pakiet\u00f3w\u00a0<strong>LiPo<\/strong>.<\/span><\/span><br \/>\n<span lang=\"pl\">Pozwala na to \u0142adowanie pr\u0105dem\u00a0<strong>2C<\/strong>\u00a0czyli w przypadku pakietu o pojemno\u015bci\u00a0<strong>6700mAh<\/strong>. \u0142adowanie go pr\u0105dem\u00a0<strong>13,4A<\/strong>, a pakietu\u00a0<strong>8400mAh<\/strong>, \u0142adowanie pr\u0105dem\u00a0<strong>16A<\/strong>. Dane znajduj\u0105 si\u0119 w do\u0142\u0105czonej tabeli pr\u0105d\u00f3w \u0142adowania.<\/span><\/p>\n<p><span id=\"result_box\" lang=\"pl\"><span lang=\"pl\"><strong>EZ-Peak Live Dual\u00a0<\/strong><\/span>posiada tryb wykrywania typu i rozmiaru pakiet\u00f3w serii\u00a0<strong>iD<\/strong>.<\/span><\/p>\n<p><em><strong>Dane techniczne:<\/strong><\/em><\/p>\n<ul>\n<li>obs\u0142uga typ\u00f3w akumulator\u00f3w:\u00a0<em><strong>Li-Po \/ NiMh<\/strong><\/em><\/li>\n<li>ilo\u015b\u0107 celi Li-Po:\u00a0<em><strong>2 &#8211; 4 (7,4V &#8211; 14,8V)<\/strong><\/em><\/li>\n<li>ilo\u015b\u0107 celi NiMh:\u00a0<em><strong>5 &#8211; 8 (6,0V &#8211; 9,6V)<\/strong><\/em><\/li>\n<li>gniazda balansera: wbudowane w gniazda pod\u0142\u0105czeniowe plus dwa gniazda osobne<\/li>\n<li>napi\u0119cie zasilania:\u00a0\u00a0<em><strong>AC 100V &#8211; 240V<\/strong><\/em><\/li>\n<li>pr\u0105d \u0142adowania (dwa wyj\u015bcia r\u00f3wnocze\u015bnie):\u00a0<em><strong>2.0 &#8211; 13,4A (max. +200W) &#8211; razem 26,8A<\/strong><\/em><\/li>\n<li>pr\u0105d \u0142adowania (jedno wyj\u015bcie):\u00a0<em><strong>2,0 &#8211; 16.0A (max. 200W)<\/strong><\/em><\/li>\n<li>pr\u0105d roz\u0142adowania:\u00a0<em><strong>0,75A<\/strong><\/em><\/li>\n<li>dwa wentylatory ch\u0142odz\u0105ce z du\u017cym przep\u0142ywem<\/li>\n<li>wska\u017anik\u00a0<em><strong>LED<\/strong><\/em>\u00a0stanu na\u0142adowania<\/li>\n<li>wymiary:\u00a0<em><strong>202 x 170 x 65mm<\/strong><\/em><\/li>\n<\/ul>\n<p>&nbsp;<\/p>\n<p><strong>\u0141adowarka pasuje do wszystkich modeli Traxxas z nap\u0119dem elektrycznym.<\/strong><\/p>\n","protected":false},"excerpt":{"rendered":"<p>\u0141adowarka EZ-Peak Live DUAL z balanserem, firmy\u00a0TRAXXAS, do pakiet\u00f3w LiPo i NiMh. EZ-Peak Live Dual\u00a0przeznaczona jest do obs\u0142ugi dw\u00f3ch pakiet\u00f3w, i zasilana jest pr\u0105dem zmiennym\u00a0220V. Urz\u0105dzenie to pozwala na proste i \u0142atwe \u0142adowanie, bez ustawiania i programowania. Gniazda pod\u0142\u0105czeniowe kompatybilne z wtyczkami\u00a0Traxxas&#8221;a.\u00a0W przypadku pakiet\u00f3w\u00a0LiPo iD, gniazda obs\u0142uguj\u0105 r\u00f3wnie\u017a pod\u0142\u0105czenia balansera. EZ-Peak Live Dual\u00a0pozwala na r\u00f3wnoczesne&#8230;<\/p>\n","protected":false},"featured_media":6114,"comment_status":"open","ping_status":"closed","template":"","meta":{"_s2mail":""},"product_cat":[507,484],"product_tag":[532],"_links":{"self":[{"href":"https:\/\/sklep.aveos.pl\/index.php\/wp-json\/wp\/v2\/product\/6109"}],"collection":[{"href":"https:\/\/sklep.aveos.pl\/index.php\/wp-json\/wp\/v2\/product"}],"about":[{"href":"https:\/\/sklep.aveos.pl\/index.php\/wp-json\/wp\/v2\/types\/product"}],"replies":[{"embeddable":true,"href":"https:\/\/sklep.aveos.pl\/index.php\/wp-json\/wp\/v2\/comments?post=6109"}],"wp:featuredmedia":[{"embeddable":true,"href":"https:\/\/sklep.aveos.pl\/index.php\/wp-json\/wp\/v2\/media\/6114"}],"wp:attachment":[{"href":"https:\/\/sklep.aveos.pl\/index.php\/wp-json\/wp\/v2\/media?parent=6109"}],"wp:term":[{"taxonomy":"product_cat","embeddable":true,"href":"https:\/\/sklep.aveos.pl\/index.php\/wp-json\/wp\/v2\/product_cat?post=6109"},{"taxonomy":"product_tag","embeddable":true,"href":"https:\/\/sklep.aveos.pl\/index.php\/wp-json\/wp\/v2\/product_tag?post=6109"}],"curies":[{"name":"wp","href":"https:\/\/api.w.org\/{rel}","templated":true}]}}