{"id":6253,"date":"2021-09-29T14:54:16","date_gmt":"2021-09-29T12:54:16","guid":{"rendered":"https:\/\/sklep.aveos.pl\/?post_type=product&#038;p=6253"},"modified":"2024-05-13T19:15:06","modified_gmt":"2024-05-13T17:15:06","slug":"maverick-scout-rc-1-10","status":"publish","type":"product","link":"https:\/\/sklep.aveos.pl\/index.php\/produkt\/maverick-scout-rc-1-10\/","title":{"rendered":"Maverick Scout RC 1\/10"},"content":{"rendered":"<p style=\"font-weight: 400;\">\n<p style=\"font-weight: 400;\"><b><strong>SUPER-SPRAWNY CRAWLER, FANTASTYCZNE CECHY MAVERICA!<\/strong><\/b><\/p>\n<p style=\"font-weight: 400;\">Now\u0105 wersj\u0119 Scouta RC z 2017 roku charakteryzuj\u0105 wszystkie wprowadzone zmiany, kt\u00f3re polepszy\u0142y i unowocze\u015bni\u0142y model od kiedy zosta\u0142 po raz pierwszy zaprezentowany, zaczynaj\u0105c od wodoodpornej elektroniki a\u017c po wzmocniony centralny wa\u0142 nap\u0119dowy. Zupe\u0142nie nowym elementem dodanym do najnowszej wersji s\u0105 nowe kolory nadwozia, nisko zawieszony korpus i aluminiowe rami\u0119 serva, kt\u00f3re zapewnia lepsze i bardziej precyzyjne sterowanie realizowane przez 9kg servo mechanizm.<\/p>\n<p style=\"font-weight: 400;\">Crawler, Maveric Scout RC to bardzo popularny model w\u015br\u00f3d fan\u00f3w crawlingu. Ta replika oryginalnego crawlera sta\u0142a si\u0119 podstaw\u0105 dla wielu modyfikacji realizowanych przez jego posiadaczy. Uwielbiamy ogl\u0105da\u0107 co w\u0142a\u015bciciele robi\u0105 z ich modelami Scouta. Teraz mo\u017cesz mie\u0107 sw\u00f3j nowy zmodyfikowany model Maverick Scout aby zacz\u0105\u0107 wprowadza\u0107 w\u0142asne fantastyczne innowacje!<\/p>\n<p style=\"font-weight: 400;\">\n<p style=\"font-weight: 400;\"><b><strong>Specyfikacja<\/strong><\/b><\/p>\n<ol>\n<li style=\"font-weight: 400;\">Metalowe anodowane \u0142\u0105czniki zawieszenia &#8211; naprawd\u0119 ekstremalna wytrzyma\u0142o\u015b\u0107 w terenie<br \/>\n2. MM-25 wytrzyma\u0142y silnik szczotkowy, pozwoli Ci si\u0119 wspina\u0107 w g\u00f3rskich przestrzeniach<br \/>\n3. Ekstra d\u0142ugie amortyzatory olejowe, dla optymalnej pracy zawieszenia w ka\u017cdym terenie<br \/>\n4. Nap\u0119d 4WD wyposa\u017cony w uniwersalne przeguby<br \/>\n5. Metalowe ci\u0119gna steruj\u0105ce, mocne i wytrzyma\u0142e<br \/>\n6. Przyczepne opony z wytrzyma\u0142ej gumy z g\u0142\u0119bokim bie\u017cnikiem odpowiednim do jazdy w terenie<br \/>\n7. Szczelny regulator pr\u0119dko\u015bci i specjalne tryby u\u0142atwiaj\u0105ce wspinaczk\u0119<br \/>\n8. Wodoodporny 3-kana\u0142owy odbiornik 2,4GHz chroni\u0105cy od zachlapa\u0144, do jazdy w ka\u017cdych warunkach<br \/>\n9. Mocne szczelne serwo zamontowane na osi w celu lepszego przeniesienia mocy<\/li>\n<\/ol>\n<p style=\"font-weight: 400;\">\n<p style=\"font-weight: 400;\"><b><strong>Najlepszy wsz\u0119dobylski model RC!<\/strong><\/b><\/p>\n<p style=\"font-weight: 400;\">Maverick Scout RC jest doskonale wyposa\u017cony do pokonywania tras w terenie, bez wzgl\u0119du na to, gdzie chcesz jecha\u0107! Dzi\u0119ki wyj\u0105tkowo niskiemu prze\u0142o\u017ceniu 1:48, wytrzyma\u0142ej uszczelnionej przek\u0142adni i mechanizmowi r\u00f3\u017cnicowemu oraz doskona\u0142ej trakcji i przyczepno\u015bci du\u017cych opon, Scout jest \u015bwietnym modelem do wspinaczki, przepraw i jazdy po szlakach, niezale\u017cnie od tego, czy chcesz zostawi\u0107 go w oryginalnym stanie, czy przebudowa\u0107 wed\u0142ug swoich potrzeb. Solidne cztero wahaczowe zawieszenie, jest wyposa\u017cone w wyj\u0105tkowo d\u0142ugie, amortyzatory olejowe i aluminiowe \u0142\u0105czniki, kt\u00f3re zapewniaj\u0105 Scoutowi ponad 6 cali (14,5 cm) skoku na ka\u017cdym kole przy ponad 80 stopniach wychylenia mi\u0119dzy przedni\u0105 a tyln\u0105 osi\u0105. Pozwala to \u0142atwo pokona\u0107 wysokie, pozornie niemo\u017cliwe przeszkody! Wreszcie, pot\u0119\u017cne 9-kilogramowe serwo steruj\u0105ce pozwala omin\u0105\u0107 najtrudniejsze przeszkody, bez wzgl\u0119du na to, czy s\u0105 to wyj\u0105tkowo przyczepne suche ska\u0142y granitowe, czy grupa korzeni drzew pokrytych mchem.<\/p>\n<p style=\"font-weight: 400;\"><b><strong>Maverick Scout<\/strong><\/b><\/p>\n<p style=\"font-weight: 400;\">To \u015bwietna propozycja w \u015bwiecie terenowych samochod\u00f3w zdalnie sterowanych, niezale\u017cnie od tego, czy jest to Tw\u00f3j pierwszy model RC, czy dziesi\u0105ty! To doskona\u0142y spos\u00f3b, aby zaanga\u017cowa\u0107 dzieci lub przyjaci\u00f3\u0142 w RC aby mogli do\u0142\u0105czy\u0107 do Ciebie na szlaku, je\u015bli masz ju\u017c inny model terenowy. Scout daje pewno\u015b\u0107 kierowcom na ka\u017cdym poziomie umiej\u0119tno\u015bci, \u017ce z \u0142atwo\u015bci\u0105 wjad\u0105 na stos ska\u0142 lub szlak i b\u0119d\u0105 czerpa\u0107 rado\u015b\u0107 z jazdy przez wiele godzin!<\/p>\n<p style=\"font-weight: 400;\">\n<p style=\"font-weight: 400;\">\n<p style=\"font-weight: 400;\"><b><strong>Maverick Scout RC Cechy:<\/strong><\/b><\/p>\n<ul style=\"font-weight: 400;\">\n<li>Kompletny i w pe\u0142ni wyposa\u017cony &#8220;rock crawler&#8221;<\/li>\n<li>Nowe malowanie nadwozia<\/li>\n<li>Nowy kolor metalowych element\u00f3w podkre\u015blaj\u0105cy wygl\u0105d<\/li>\n<li>Wytrzyma\u0142y nap\u0119d 4WD z bardzo niskim prze\u0142o\u017ceniem<\/li>\n<li>System komunikacji 2.4Ghz<\/li>\n<li>Nadajnik radiowy z funkcj\u0105 EPA i dwoma pr\u0119dko\u015bciami<\/li>\n<li>Zabezpieczenie &#8220;failsafe&#8221;<\/li>\n<li>Odbiornik radiowy odporny na zachlapania<\/li>\n<li>Serwomechanizm 9Kg<\/li>\n<li>35-zwojowy silnik szczotkowy, z momentem u\u0142atwiaj\u0105cym wspinaczk\u0119<\/li>\n<li>Szczelny regulator pr\u0119dko\u015bci<\/li>\n<li>Przestrze\u0144 na akumulator pasuje do wszystkich standardowych baterii 6-ogniwowych<\/li>\n<li>4 aluminiowe \u0142\u0105czniki jako uk\u0142ad wahaczy \u0142\u0105cz\u0105ce ram\u0119 z mostami<\/li>\n<li>Aluminiowe \u0142\u0105czniki zawieszenia u\u0142atwiaj\u0105ce przejazdy si\u0119 po przeszkodach<\/li>\n<li>Extra d\u0142ugie amortyzatory olejowe<\/li>\n<li>Ponad 6 cali (14,5 cm) skoku zawieszenia przy ponad 80 stopniach wychylenia!<\/li>\n<li>Progresywne spr\u0119\u017cyny amortyzuj\u0105ce dla wi\u0119kszych mo\u017cliwo\u015bci w terenie<\/li>\n<li>Anodowane nak\u0142adki amortyzator\u00f3w<\/li>\n<li>Centralnie zamontowana, uszczelniona przek\u0142adnia o du\u017cej wytrzyma\u0142o\u015bci<\/li>\n<li>Bardzo niskie prze\u0142o\u017cenie 1:48 dla wysokiego momentu obrotowego<\/li>\n<li>Wytrzyma\u0142y nap\u0119d 4WD<\/li>\n<li>Centralne osie nap\u0119dowe typu slider<\/li>\n<li>Zblokowana przek\u0142adnia<\/li>\n<li>Wytrzyma\u0142e stalowe osie<\/li>\n<li>Kompaktowe podwozie z pionowymi wzmocnieniami<\/li>\n<li>Uk\u0142ad nap\u0119dowy w pe\u0142ni wyposa\u017cony w \u0142o\u017cyska kulkowe<\/li>\n<li>2,2-calowe ko\u0142a typu beadlock<\/li>\n<li>Uniwersalne adaptery hex 12mm, dla mo\u017cliwo\u015bci modyfikacji k\u00f3\u0142<\/li>\n<li>Opony ze \u015bredniej mieszanki zapewniaj\u0105 wszechstronno\u015b\u0107<\/li>\n<li>Pomalowane fabrycznie nadwozie typu &#8220;rock crawler&#8221;<\/li>\n<li>Gotowy do u\u017cycia po wyj\u0119ciu z pude\u0142ka!<\/li>\n<\/ul>\n<p style=\"font-weight: 400;\">\n<p style=\"font-weight: 400;\"><b><strong>#MV12505 Maverick Scout RC Rock Crawler<\/strong><\/b><\/p>\n<p style=\"font-weight: 400;\"><b><strong>Zawiera:<\/strong><\/b><\/p>\n<p style=\"font-weight: 400;\">Zestaw akumulator\u00f3w Ni-MH\u00a07,2 V 1800 mAh<br \/>\n\u0141adowarka sieciowa 230V do akumulator\u00f3w NiMh<\/p>\n<p style=\"font-weight: 400;\">\n<p style=\"font-weight: 400;\"><b><strong>Wymiary:<\/strong><\/b><\/p>\n<p style=\"font-weight: 400;\">D\u0142ugo\u015b\u0107: 440mm<br \/>\nSzeroko\u015b\u0107: 255mm<br \/>\nWysoko\u015b\u0107: 255mm<br \/>\nRozstaw osi: 305mm<\/p>\n<p style=\"font-weight: 400;\">\n<p style=\"font-weight: 400;\"><b><strong>Potrzebne dodatkowo<\/strong><\/b>:<\/p>\n<p style=\"font-weight: 400;\">Baterie 4 x AA<\/p>\n","protected":false},"excerpt":{"rendered":"<p style=\"font-weight: 400;\"><b><strong>SUPER-SPRAWNY CRAWLER, FANTASTYCZNE CECHY MAVERICA!<\/strong><\/b><\/p>\n","protected":false},"featured_media":6257,"comment_status":"open","ping_status":"closed","template":"","meta":{"_s2mail":""},"product_cat":[487],"product_tag":[572,532],"_links":{"self":[{"href":"https:\/\/sklep.aveos.pl\/index.php\/wp-json\/wp\/v2\/product\/6253"}],"collection":[{"href":"https:\/\/sklep.aveos.pl\/index.php\/wp-json\/wp\/v2\/product"}],"about":[{"href":"https:\/\/sklep.aveos.pl\/index.php\/wp-json\/wp\/v2\/types\/product"}],"replies":[{"embeddable":true,"href":"https:\/\/sklep.aveos.pl\/index.php\/wp-json\/wp\/v2\/comments?post=6253"}],"wp:featuredmedia":[{"embeddable":true,"href":"https:\/\/sklep.aveos.pl\/index.php\/wp-json\/wp\/v2\/media\/6257"}],"wp:attachment":[{"href":"https:\/\/sklep.aveos.pl\/index.php\/wp-json\/wp\/v2\/media?parent=6253"}],"wp:term":[{"taxonomy":"product_cat","embeddable":true,"href":"https:\/\/sklep.aveos.pl\/index.php\/wp-json\/wp\/v2\/product_cat?post=6253"},{"taxonomy":"product_tag","embeddable":true,"href":"https:\/\/sklep.aveos.pl\/index.php\/wp-json\/wp\/v2\/product_tag?post=6253"}],"curies":[{"name":"wp","href":"https:\/\/api.w.org\/{rel}","templated":true}]}}