{"id":6552,"date":"2022-10-14T15:59:54","date_gmt":"2022-10-14T13:59:54","guid":{"rendered":"https:\/\/sklep.aveos.pl\/?post_type=product&#038;p=6552"},"modified":"2022-10-14T16:01:08","modified_gmt":"2022-10-14T14:01:08","slug":"6851a","status":"publish","type":"product","link":"https:\/\/sklep.aveos.pl\/index.php\/produkt\/6851a\/","title":{"rendered":"TRAXXAS &#8211; wa\u0142 nap\u0119dowy &#8211; przedni 6851A"},"content":{"rendered":"<p><strong>TRAXXAS &#8211; wa\u0142 nap\u0119dowy &#8211; przedni.<\/strong><\/p>\n<p><em><strong>Cz\u0119\u015b\u0107 zamienna modeli Traxxas:<\/strong><\/em><\/p>\n<ul>\n<li>RUSTLER VXL &#8211; 37076<\/li>\n<li><span class=\"zaznaczonyzawiera_zaznaczenia\">RUSTLER 4X4 XL-5 &#8211; 67064-1<\/span><\/li>\n<li><span id=\"span_4744\" class=\"zaznaczonyzawiera_zaznaczenia\">RUSTLER 4X4 VXL &#8211; 67076-4<\/span><\/li>\n<li>SLASH 4X4 VXL &#8211; 6804R<\/li>\n<li>SLASH 4X4 VXL Ultimate &#8211; 68077<\/li>\n<li>SLASH 4X4 VXL &#8211; 68086<\/li>\n<li>STAMPEDE 4X4 VXL &#8211; 67086<\/li>\n<\/ul>\n","protected":false},"excerpt":{"rendered":"<p><strong>TRAXXAS &#8211; wa\u0142 nap\u0119dowy &#8211; przedni.<\/strong><\/p>\n<p>&nbsp;<\/p>\n","protected":false},"featured_media":6553,"comment_status":"open","ping_status":"closed","template":"","meta":{"_s2mail":""},"product_cat":[507],"product_tag":[875],"_links":{"self":[{"href":"https:\/\/sklep.aveos.pl\/index.php\/wp-json\/wp\/v2\/product\/6552"}],"collection":[{"href":"https:\/\/sklep.aveos.pl\/index.php\/wp-json\/wp\/v2\/product"}],"about":[{"href":"https:\/\/sklep.aveos.pl\/index.php\/wp-json\/wp\/v2\/types\/product"}],"replies":[{"embeddable":true,"href":"https:\/\/sklep.aveos.pl\/index.php\/wp-json\/wp\/v2\/comments?post=6552"}],"wp:featuredmedia":[{"embeddable":true,"href":"https:\/\/sklep.aveos.pl\/index.php\/wp-json\/wp\/v2\/media\/6553"}],"wp:attachment":[{"href":"https:\/\/sklep.aveos.pl\/index.php\/wp-json\/wp\/v2\/media?parent=6552"}],"wp:term":[{"taxonomy":"product_cat","embeddable":true,"href":"https:\/\/sklep.aveos.pl\/index.php\/wp-json\/wp\/v2\/product_cat?post=6552"},{"taxonomy":"product_tag","embeddable":true,"href":"https:\/\/sklep.aveos.pl\/index.php\/wp-json\/wp\/v2\/product_tag?post=6552"}],"curies":[{"name":"wp","href":"https:\/\/api.w.org\/{rel}","templated":true}]}}