{"id":6556,"date":"2022-10-14T16:12:38","date_gmt":"2022-10-14T14:12:38","guid":{"rendered":"https:\/\/sklep.aveos.pl\/?post_type=product&#038;p=6556"},"modified":"2022-10-18T16:04:27","modified_gmt":"2022-10-18T14:04:27","slug":"5353r","status":"publish","type":"product","link":"https:\/\/sklep.aveos.pl\/index.php\/produkt\/5353r\/","title":{"rendered":"TRAXXAS [5353R] &#8211; komplet hex do k\u00f3\u0142 17mm"},"content":{"rendered":"<p><strong>TRAXXAS [5353X] &#8211; komplet hex do k\u00f3\u0142 17mm.<\/strong><\/p>\n<p><em><strong>Element pasuje do modeli:<\/strong><\/em><\/p>\n<ul>\n<li>E-Revo 5603<\/li>\n<li>E-Revo 5608<\/li>\n<li>E-Maxx 3903<\/li>\n<li>E-Maxx 3908<\/li>\n<li>Summit 5607<\/li>\n<li>Revo 3.3 5309<\/li>\n<li>T-Maxx 3.3 4609<\/li>\n<li>Slayer Pro 5907<\/li>\n<\/ul>\n","protected":false},"excerpt":{"rendered":"<p><strong>TRAXXAS [5353R] &#8211; komplet hex do k\u00f3\u0142 17mm.<\/strong><\/p>\n","protected":false},"featured_media":6557,"comment_status":"open","ping_status":"closed","template":"","meta":{"_s2mail":""},"product_cat":[918],"product_tag":[875],"_links":{"self":[{"href":"https:\/\/sklep.aveos.pl\/index.php\/wp-json\/wp\/v2\/product\/6556"}],"collection":[{"href":"https:\/\/sklep.aveos.pl\/index.php\/wp-json\/wp\/v2\/product"}],"about":[{"href":"https:\/\/sklep.aveos.pl\/index.php\/wp-json\/wp\/v2\/types\/product"}],"replies":[{"embeddable":true,"href":"https:\/\/sklep.aveos.pl\/index.php\/wp-json\/wp\/v2\/comments?post=6556"}],"wp:featuredmedia":[{"embeddable":true,"href":"https:\/\/sklep.aveos.pl\/index.php\/wp-json\/wp\/v2\/media\/6557"}],"wp:attachment":[{"href":"https:\/\/sklep.aveos.pl\/index.php\/wp-json\/wp\/v2\/media?parent=6556"}],"wp:term":[{"taxonomy":"product_cat","embeddable":true,"href":"https:\/\/sklep.aveos.pl\/index.php\/wp-json\/wp\/v2\/product_cat?post=6556"},{"taxonomy":"product_tag","embeddable":true,"href":"https:\/\/sklep.aveos.pl\/index.php\/wp-json\/wp\/v2\/product_tag?post=6556"}],"curies":[{"name":"wp","href":"https:\/\/api.w.org\/{rel}","templated":true}]}}