{"id":6672,"date":"2022-12-07T18:43:49","date_gmt":"2022-12-07T17:43:49","guid":{"rendered":"https:\/\/sklep.aveos.pl\/?post_type=product&#038;p=6672"},"modified":"2023-03-22T16:09:57","modified_gmt":"2023-03-22T15:09:57","slug":"trx-4m-defender-zielony-przedsprzedaz-dostepne-od-9-12-2022","status":"publish","type":"product","link":"https:\/\/sklep.aveos.pl\/index.php\/produkt\/trx-4m-defender-zielony-przedsprzedaz-dostepne-od-9-12-2022\/","title":{"rendered":"TRX-4M DEFENDER &#8211; Zielony"},"content":{"rendered":"<p style=\"text-align: center;\"><em><strong><img src=\"https:\/\/riku.pl\/zdjecia_opis\/97054_97074\/TRX-4M-Logo1.png\" alt=\"\" \/><\/strong><\/em><\/p>\n<p style=\"text-align: center;\"><em><strong>1\/18 TRX-4M DEFENDER<br \/>\nwersja zielona<\/strong><\/em><\/p>\n<p><em><strong><img class=\"aligncenter\" src=\"https:\/\/riku.pl\/zdjecia_opis\/97054_97074\/97054-1-defender-logo.png\" alt=\"\" \/><\/strong><\/em><br \/>\n<img class=\"aligncenter\" src=\"https:\/\/riku.pl\/zdjecia_opis\/97054_97074\/97054-1G_1.jpg\" alt=\"\" \/><img class=\"aligncenter\" src=\"https:\/\/riku.pl\/zdjecia_opis\/97054_97074\/97074-1-specs-defender.jpg\" alt=\"\" \/><\/p>\n<p style=\"text-align: center;\">Przedstawiamy\u00a0<em><strong>TRX-4M<\/strong><\/em>. To nowy spos\u00f3b na do\u015bwiadczenie zabawy, przygody i realizmu TRX w skali\u00a0<em><strong>1\/18<\/strong><\/em>.<br \/>\n<em><strong>TRX-4M<\/strong><\/em>\u00a0wype\u0142nia luk\u0119 pomi\u0119dzy ma\u0142ymi samochodzmi typu\u00a0<em><strong>Crawler<\/strong><\/em>, a jako\u015bci\u0105 i osi\u0105gami w skali\u00a0<em><strong>1\/10<\/strong><\/em>.<br \/>\nOlejowe amortyzatory, stalowe szyny ramy oraz p\u0142ynnie dzia\u0142aj\u0105cy uk\u0142ad nap\u0119dowy daj\u0105 mu du\u017ce mo\u017cliwo\u015bci jazdy w terenie, po ska\u0142ach, na trawie i w strumienach g\u00f3rskich. Ciasny promie\u0144 skr\u0119tu i precyzyjna kontrola przepustnicy daj\u0105 fantastyczn\u0105 zwrotno\u015b\u0107 w pomieszczeniach.<\/p>\n<p style=\"text-align: center;\"><img src=\"https:\/\/riku.pl\/zdjecia_opis\/97054_97074\/Transmission.gif\" alt=\"\" \/><\/p>\n<p style=\"text-align: center;\"><em><strong>Opcjonalne prze\u0142o\u017cenia.<\/strong><\/em><br \/>\nModu\u0142owy zesp\u00f3\u0142\u00a0<em><strong>TRX-4M<\/strong><\/em>\u00a0pozwala na wymian\u0119 r\u00f3\u017cnych przek\u0142adni w celu zmiany charakterystyki pracy przek\u0142adni w niskim zakresie obrot\u00f3w dla uzyskania p\u0142ynnego momentu obrotowego przy niskich pr\u0119dko\u015bciach lub zwi\u0119kszenia wydajno\u015bci w g\u00f3rnym zakresie obrot\u00f3w dzi\u0119ki opcji przek\u0142adni szybkiej. Rekomendowane\u00a0 &#8211; opcjonalne prze\u0142o\u017cenia, sprzedawane oddzielnie.<\/p>\n<p style=\"text-align: center;\"><img src=\"https:\/\/riku.pl\/zdjecia_opis\/97054_97074\/97054-1BLUE_2.jpg\" alt=\"\" \/><\/p>\n<p style=\"text-align: center;\"><em><strong>O\u015bwietlenie LED.<\/strong><\/em><br \/>\n<em>TRX-4M<\/em>\u00a0zawiera standardowe o\u015bwietlenie\u00a0<em><strong>LED<\/strong><\/em>\u00a0w przednim zderzaku. Dodaj opcjonalne \u015bwiat\u0142a\u00a0<em><strong>LED Pro Scale<\/strong><\/em>, a Tw\u00f3j\u00a0<em><strong>TRX-4M<\/strong><\/em>\u00a0o\u017cyje dzi\u0119ki funkcjonalnym \u015bwiat\u0142om hamowania, reflektorom, \u015bwiat\u0142om cofania, a nawet latarkom awaryjnym (\u015bwiat\u0142a\u00a0<em><strong>Pro Scale<\/strong><\/em>\u00a0sprzedawane s\u0105 oddzielnie).<\/p>\n<p style=\"text-align: center;\"><img src=\"https:\/\/riku.pl\/zdjecia_opis\/97054_97074\/97054-1BLUE_6.jpg\" alt=\"\" \/><\/p>\n<p style=\"text-align: center;\"><em><strong>System monta\u017cu Clipless Body.<\/strong><\/em><br \/>\nInnowacyjny system monta\u017cu karoserii\u00a0<em><strong>Traxxas<\/strong><\/em>\u00a0utrzymuje karoseri\u0119 na miejscu, bez wzgl\u0119du na to jak ostra jest akcja. Szybkie poci\u0105gni\u0119cie za ukryte klipsy uwalnia karoseri\u0119 w kilka sekund, bez konieczno\u015bci gubienia klips\u00f3w, zawodnych magnes\u00f3w lub niechlujnej ta\u015bmy rzepowej<\/p>\n<p style=\"text-align: center;\"><img src=\"https:\/\/riku.pl\/zdjecia_opis\/97054_97074\/97054-1BLUE_14.jpg\" alt=\"\" \/><\/p>\n<p style=\"text-align: center;\"><em><strong>Niski \u015brodek ci\u0119\u017cko\u015bci.<\/strong><\/em><br \/>\nPojemnik na baterie\u00a0<em><strong>TRX-4M<\/strong><\/em>\u00a0le\u017cy g\u0142\u0119boko w podwoziu, aby skoncentrowa\u0107 ci\u0119\u017car jak najni\u017cej. Ni\u017cej po\u0142o\u017cony \u015brodek ci\u0119\u017cko\u015bci zwi\u0119ksza stabilno\u015b\u0107 i zmniejsza ryzyko przewr\u00f3cenia si\u0119 pojazdu. Szeroki gumowy pasek utrzymuje bateri\u0119 bezpiecznie na miejscu i zapobiega przesuwaniu si\u0119 ci\u0119\u017caru.<\/p>\n<p style=\"text-align: center;\"><img src=\"https:\/\/riku.pl\/zdjecia_opis\/97054_97074\/97054-1BLUE_9.jpg\" alt=\"\" \/><\/p>\n<p style=\"text-align: center;\"><em><strong>Zawieszenie Triangulated Four-Link<\/strong><\/em>.<br \/>\n<em><strong>TRX-4M<\/strong><\/em>\u00a0je\u017adzi na zaawansowanym zawieszeniu czterowahaczowym z wytrzyma\u0142ymi dr\u0105\u017ckami tr\u00f3jk\u0105tnymi. Solidne przednie i tylne osie zapewniaj\u0105 doskona\u0142\u0105 artykulacj\u0119, aby pokona\u0107 najtrudniejsze przeszkody.<\/p>\n<p style=\"text-align: center;\"><img src=\"https:\/\/riku.pl\/zdjecia_opis\/97054_97074\/97054-1BLUE_15.jpg\" alt=\"\" \/><\/p>\n<p style=\"text-align: center;\"><em><strong>Stalowe szyny wzmacniaj\u0105ce. &#8211; C-Channel Frame Rails.<\/strong><\/em><br \/>\nWytrzyma\u0142e szyny ramy s\u0105 uformowane z g\u0142\u0119bokiego ceownika dla maksymalnej sztywno\u015bci. Szyny s\u0105 wy\u017csze w \u015brodkowej cz\u0119\u015bci dla zwi\u0119kszenia wytrzyma\u0142o\u015bci tam, gdzie jest to najbardziej potrzebne.<\/p>\n<p style=\"text-align: center;\"><img src=\"https:\/\/riku.pl\/zdjecia_opis\/97054_97074\/97054-1BLUE_16.jpg\" alt=\"\" \/><\/p>\n<p style=\"text-align: center;\"><em><strong>Silnik montowany z przodu.<\/strong><\/em><br \/>\nSilnik\u00a0<em><strong>Titan<\/strong><\/em>\u00a0jest bezpiecznie zamocowany do modu\u0142u przek\u0142adniowego ze sta\u0142\u0105 siatk\u0105 przek\u0142adni, kt\u00f3ra nigdy nie wymaga regulacji. Pozycja monta\u017cowa silnika przesuwa mas\u0119 cia\u0142a do przodu, co poprawia dynamik\u0119 jazdy po przeszkodach.<\/p>\n<p style=\"text-align: center;\"><img src=\"https:\/\/riku.pl\/zdjecia_opis\/97054_97074\/97054-1BLUE_3.jpg\" alt=\"\" \/><\/p>\n<p style=\"text-align: center;\"><em><strong>Akumulator LiPo 2S iD.<\/strong><\/em><br \/>\nDo\u0142\u0105czona do zestawu bateria LiPo 2S, zapewnia napi\u0119cie\u00a0<em><strong>7,4V<\/strong><\/em>\u00a0 i ponad godzin\u0119 pracy z bezpiecze\u0144stwem i prostot\u0105\u00a0<em><strong>Traxxas iD<\/strong><\/em>. Specjalnie zaprojektowane z\u0142\u0105cze<em><strong>\u00a0iD<\/strong><\/em>\u00a0pod\u0142\u0105cza si\u0119 bezpo\u015brednio do\u00a0<em><strong>ECM-2.5<\/strong><\/em>.<\/p>\n<p style=\"text-align: center;\"><img src=\"https:\/\/riku.pl\/zdjecia_opis\/97054_97074\/97054-1BLUE_13.jpg\" alt=\"\" \/><\/p>\n<p style=\"text-align: center;\"><em><strong>ECM-2.5 E- elektroniczny modu\u0142 steruj\u0105cy<\/strong><\/em>.<br \/>\n<em><strong>ECM-2.5<\/strong><\/em>\u00a0posiada funkcj\u0119 wykrywania niskiego napi\u0119cia dla akumulator\u00f3w\u00a0<em><strong>LiPo 2S<\/strong><\/em>\u00a0oraz programowanie jednym przyciskiem\u00a0<em><strong>EZ-Set<\/strong><\/em>\u00a0w celu wyboru trybu jazdy. Wybierz tryb sportowy do jazdy dooko\u0142a, lub tryb trailowy dla p\u0142ynnego hamowania na stromych zjazdach. Aby uzyska\u0107 p\u0142ynny wygl\u0105d podczas pe\u0142zania po technicznym terenie,\u00a0<em><strong>Crawl Mode<\/strong><\/em>\u00a0uruchamia pe\u0142ne hamulce w momencie zwolnienia przepustnicy i pozwala kierowcy na kontynuowanie jazdy do ty\u0142u bez drugiego naci\u015bni\u0119cia spustu.<\/p>\n<p style=\"text-align: center;\"><img src=\"https:\/\/riku.pl\/zdjecia_opis\/97054_97074\/97054-1BLUE_5.jpg\" alt=\"\" \/><\/p>\n<p style=\"text-align: center;\"><em><strong>\u0141adowarka\u00a0<\/strong><\/em><em><strong>USB \/ 2A iD.<\/strong><\/em><br \/>\nDo\u0142\u0105czona\u00a0<em><strong>2-amperowa<\/strong><\/em>\u00a0\u0142adowarka\u00a0<em><strong>USB-A<\/strong><\/em>\u00a0zapewnia szybkie i wygodne \u0142adowanie niemal wsz\u0119dzie. Technologia\u00a0<em><strong>Traxxas iD<\/strong><\/em>\u00a0jest \u0142atwiejszym i bezpieczniejszym sposobem na \u0142adowanie baterii\u00a0<em><strong>LiPo<\/strong><\/em>. Wystarczy pod\u0142\u0105czy\u0107 bateri\u0119\u00a0<em><strong>iD<\/strong><\/em>, a \u0142adowarka zrobi reszt\u0119. Kiedy dioda\u00a0<em><strong>LED<\/strong><\/em>\u00a0zmieni kolor na zielony, bateria jest na\u0142adowana.<\/p>\n<p style=\"text-align: center;\"><img src=\"https:\/\/riku.pl\/zdjecia_opis\/97054_97074\/97054-1BLUE_8.jpg\" alt=\"\" \/><\/p>\n<p style=\"text-align: center;\"><em><strong>Replika k\u00f3\u0142 1.0&#8243;.<\/strong><\/em><br \/>\nKo\u0142a\u00a0<em><strong>TRX-4M<\/strong><\/em>\u00a0s\u0105 autentycznymi replikami w skali z formowanymi detalami nakr\u0119tek i beadlock.\u00a0<em><strong>TRX-4M<\/strong><\/em>\u00a0wykorzystuje standardowy\u00a0<em><strong>HEX 7mm<\/strong><\/em>, dzi\u0119ki czemu wymiana k\u00f3\u0142 jest szybka i \u0142atwa.<\/p>\n<p style=\"text-align: center;\"><img src=\"https:\/\/riku.pl\/zdjecia_opis\/97054_97074\/97054-1BLUE_10.jpg\" alt=\"\" \/><\/p>\n<p style=\"text-align: center;\"><em><strong>Centralne wa\u0142y nap\u0119dowe Heavy-Duty.<\/strong><\/em><br \/>\nCentralne wa\u0142ki nap\u0119dowe\u00a0<em><strong>TRX-4M<\/strong><\/em>\u00a0swobodnie si\u0119 wysuwaj\u0105, aby umo\u017cliwi\u0107 maksymalny skok zawieszenia. P\u0142ynnie dzia\u0142aj\u0105ce przeguby homokinetyczne zosta\u0142y zaprojektowane z my\u015bl\u0105 o d\u0142ugotrwa\u0142ej i bezproblemowej pracy.<\/p>\n<p style=\"text-align: center;\"><img src=\"https:\/\/riku.pl\/zdjecia_opis\/97054_97074\/97054-1BLUE_11.jpg\" alt=\"\" \/><\/p>\n<p style=\"text-align: center;\"><em><strong>Przednie i tylne osie wyposa\u017cone w szpule.<\/strong><\/em><br \/>\nPrzednia i tylna o\u015b\u00a0<em><strong>TRX-4M<\/strong><\/em>\u00a0s\u0105 zablokowane za pomoc\u0105 szpul, aby zapewni\u0107 nieprzerwan\u0105 moc wspinania si\u0119 na wszystkie cztery ko\u0142a. Mocne, stalowe przeguby homokinetyczne (CV) pozwalaj\u0105 na zwi\u0119kszenie k\u0105ta skr\u0119tu przednich k\u00f3\u0142 przy ciasnych zakr\u0119tach.<br \/>\n<img src=\"https:\/\/riku.pl\/zdjecia_opis\/97054_97074\/97054-1BLUE_12.jpg\" alt=\"\" \/><\/p>\n<p style=\"text-align: center;\"><em><strong>Amortyzatory GTM z wype\u0142nieniem olejowym.<\/strong><\/em><br \/>\nOlejowe amortyzatory\u00a0<em><strong>GTM TRX-4M<\/strong><\/em>\u00a0posiadaj\u0105 podw\u00f3jne uszczelki typu\u00a0<em><strong>O-ring<\/strong><\/em>\u00a0na trzonie, co zapewnia doskona\u0142e uszczelnienie i p\u0142ynne dzia\u0142anie. Dostosowane specjalnie do modelu\u00a0<em><strong>TRX-4M<\/strong><\/em>\u00a0amortyzatory\u00a0<em><strong>GTM<\/strong><\/em>\u00a0wyg\u0142adzaj\u0105 nier\u00f3wno\u015bci zapewniaj\u0105c realistyczn\u0105 i kontrolowan\u0105 jazd\u0119.<\/p>\n<p style=\"text-align: center;\"><strong>MODEL 97054-1: 1\/18 Scale 4X4 Trail Truck, w pe\u0142ni zmontowany, Ready-To-Drive\u00ae, z dwukana\u0142owym nadajnikiem TQ&#x2122; 2.4GHz i wodoodporn\u0105 elektronik\u0105 ECM-2.5&#x2122;.<\/strong><\/p>\n<p>&nbsp;<\/p>\n<p><em><strong>Produkt b\u0119dzie dost\u0119pny od dnia 09.12.2022<\/strong><\/em><\/p>\n","protected":false},"excerpt":{"rendered":"<table>\n<tbody>\n<tr>\n<td colspan=\"2\">\n<h1>1\/18 TRX-4M DEFENDER &#8211; zielony<\/h1>\n<\/td>\n<\/tr>\n<tr>\n<td colspan=\"2\">Producent: TRAXXAS<br \/>\nNr kat.\u00a0<strong>97054-1G<\/strong><\/td>\n<\/tr>\n<\/tbody>\n<\/table>\n","protected":false},"featured_media":6661,"comment_status":"open","ping_status":"closed","template":"","meta":{"_s2mail":""},"product_cat":[590],"product_tag":[591,877,897,532],"_links":{"self":[{"href":"https:\/\/sklep.aveos.pl\/index.php\/wp-json\/wp\/v2\/product\/6672"}],"collection":[{"href":"https:\/\/sklep.aveos.pl\/index.php\/wp-json\/wp\/v2\/product"}],"about":[{"href":"https:\/\/sklep.aveos.pl\/index.php\/wp-json\/wp\/v2\/types\/product"}],"replies":[{"embeddable":true,"href":"https:\/\/sklep.aveos.pl\/index.php\/wp-json\/wp\/v2\/comments?post=6672"}],"wp:featuredmedia":[{"embeddable":true,"href":"https:\/\/sklep.aveos.pl\/index.php\/wp-json\/wp\/v2\/media\/6661"}],"wp:attachment":[{"href":"https:\/\/sklep.aveos.pl\/index.php\/wp-json\/wp\/v2\/media?parent=6672"}],"wp:term":[{"taxonomy":"product_cat","embeddable":true,"href":"https:\/\/sklep.aveos.pl\/index.php\/wp-json\/wp\/v2\/product_cat?post=6672"},{"taxonomy":"product_tag","embeddable":true,"href":"https:\/\/sklep.aveos.pl\/index.php\/wp-json\/wp\/v2\/product_tag?post=6672"}],"curies":[{"name":"wp","href":"https:\/\/api.w.org\/{rel}","templated":true}]}}