{"id":6731,"date":"2023-03-15T15:28:26","date_gmt":"2023-03-15T14:28:26","guid":{"rendered":"https:\/\/sklep.aveos.pl\/?post_type=product&#038;p=6731"},"modified":"2023-03-20T14:29:15","modified_gmt":"2023-03-20T13:29:15","slug":"axial-scx10-iii-early-ford-bronco-4wd-110","status":"publish","type":"product","link":"https:\/\/sklep.aveos.pl\/index.php\/produkt\/axial-scx10-iii-early-ford-bronco-4wd-110\/","title":{"rendered":"Axial SCX10 III Early Ford Bronco 4WD 1:10"},"content":{"rendered":"<h3>Zawarto\u015b\u0107 zestawu<\/h3>\n<p>Z\u0142o\u017cony model RC auta Axial SCX10 III Early Ford Bronco z zainstalowanymi komponentami:\u00a0Axial silnik szczotkowy 540 35T,\u00a0Spektrum regulator szczotkowy Firma 40A z odbiornikiem,\u00a0Spektrum serwo S614 MG WP 23T,\u00a0Spektrum serwo SX107 Micro MG,\u00a0Nadajnik Spektrum DX3 Smart DSMR.<\/p>\n<h3>Charakterystyka<\/h3>\n<p>Ekspedycyjny model RC auta<strong>\u00a0Early Ford Bronco<\/strong>\u00a0na podwoziu Axial SCX10 III. Oficjalnie licencjonowana karoseria Early Ford Bronco z realistyczn\u0105 rurow\u0105 klatk\u0105, funkcjonalnymi ramowymi drzwiami i wieloma detalami.\u00a0<strong>Odbiornik Spektrum&#x2122; z funkcj\u0105 SMART<\/strong>\u00a0oraz regulator z odbiornikiem zapewniaj\u0105 dane telemetryczne do nadajnika DX3. Funkcja Front Dig dla zblokowania tylnej osi, servo, odbiornik oraz regulator Spektrum&#x2122; s\u0105 wodoodporne.<\/p>\n<div class=\"image-container\">\n<div class=\"image-wrapper\"><img src=\"https:\/\/www.scorpio-polska.pl\/content\/descriptions\/axial\/AXI03014_a01.jpg\" alt=\"Early Ford Bronco\" \/><\/div>\n<\/div>\n<p>Przy projekcie oficjalnie licencjonowanego modelu\u00a0<strong>SCX10&#x2122; III Early Ford Bronco 4WD<\/strong>, inzynierowie firmy Axial\u00ae przesuneli granic\u0119 w dziedzinie funkcji i i wydajno\u015bci zn\u00f3w o poziom wy\u017cej. Chodzi tutaj o jeden z najbardziej szczeg\u00f3\u0142owo opracowanych modeli, kt\u00f3re Axial\u00ae kiedykolwiek stworzy\u0142 i jest idealnym wyborem dla nowych i do\u015bwiadczonych mi\u0142osnik\u00f3w crawler\u00f3w. Realizm modelu jest bezprecedensowy i z pewno\u015bci\u0105 ucieszy wszystkich fan\u00f3w marki Ford. Gotowa leksanowa karoseria Bronco ma formowan\u0105 rurkow\u0105 klatk\u0119 z funkcjonalnymi ramowymi drzwiami i ukrytymi mocowaniami karoserii, aby zachowane zosta\u0142y czyste linie powierzchni karoserii. Do dalszych autentycznych detali wn\u0119trza nale\u017c\u0105 wloty na masce, tablica, wycieraczki przedniej szyby, reflektory LED i tylne \u015bwiat\u0142a. Przedni i tylny zderzak jest umieszczony w optymalnym k\u0105cie najazdu dla nie zak\u0142oconego pe\u0142zania po ska\u0142ach.<\/p>\n<div class=\"video-container\">\n<div class=\"video-wrapper\"><iframe loading=\"lazy\" src=\"https:\/\/www.youtube.com\/embed\/YYjjp_NQVm4\" width=\"560\" height=\"315\" frameborder=\"0\" allowfullscreen=\"allowfullscreen\" data-mce-fragment=\"1\"><\/iframe><\/div>\n<div class=\"video-caption\"><\/div>\n<\/div>\n<p>R\u00f3wnie imponuj\u0105ce s\u0105 wewn\u0119trzne detale karoserii. We wn\u0119trzu kabiny znajdziemy wyprofilowane fotele, desk\u0119 rozdzielcz\u0105, shifter, peda\u0142y i kolumn\u0119 kierownicy. Pod mask\u0105 znajduje si\u0119 replika silnika 5.0 V8, skrzynia bieg\u00f3w oraz mocny\u00a0<strong>silnik Axial\u00ae 35T<\/strong>. 3-cz\u0119\u015bciowe ko\u0142a beadlock w stylu retro uzupe\u0142niaj\u0105 karoseri\u0119 Early Ford Bronco i pozwalaj\u0105 na \u0142atwy monta\u017c, demonta\u017c oraz wymian\u0119 opon bez konieczno\u015bci klejenia. Licencjonowana replika opon\u00a0<b>1.9 Falken Wildpeak M\/T<\/b>\u00a0pozwala bezpiecznie pokonywa\u0107 przeszkody. Rama ochronna posiada otwory do monta\u017cu dodatkowych \u015bwiate\u0142 i w pe\u0142ni funkcjonalnej ko\u0142a zapasowego.<\/p>\n<div class=\"image-container\">\n<div class=\"image-wrapper\"><img src=\"https:\/\/www.scorpio-polska.pl\/content\/descriptions\/axial\/AXI03014_a02.jpg\" alt=\"Early Ford Bronco\" \/><\/div>\n<\/div>\n<p>Sprawdzone podwozie SCX10&#x2122; III jest gwarancj\u0105 dla doskona\u0142ej wydajno\u015bci, kt\u00f3rej kierowcy Axial\u00ae oczekuj\u0105. Dla obni\u017cenia \u015brodka ci\u0119\u017cko\u015bci Early Ford Bronco stosuje przednie i tylne osie AR45. Tr\u00f3jk\u0105tna geometria zawieszenia jest tak dostrojona, aby wsp\u00f3\u0142pracowa\u0142a z osiami oraz dla obni\u017cenia momentu skr\u0119tnego podczas ruszania, a tak\u017ce dla zwi\u0119kszenia makietowego wygl\u0105du. Regulowane amortyzatory wype\u0142nione olejem pomagaj\u0105 klerowcy znale\u017a\u0107 najlepsze parametry t\u0142umienia i oferuj\u0105 wi\u0119ksze korpusy amortyzator\u00f3w z wieksz\u0105 obj\u0119to\u015bci\u0105 oleju dla wi\u0119kszej sprawno\u015bci.<\/p>\n<div class=\"image-container\">\n<div class=\"image-wrapper\"><img src=\"https:\/\/www.scorpio-polska.pl\/content\/descriptions\/axial\/AXI03014T1-klipy.jpg\" alt=\"Early Ford Bronco\" \/><\/div>\n<\/div>\n<h4 class=\"center\">Umieszczenie spinek karoserii pod karoseri\u0105<\/h4>\n<p>W modelu zabudowana jest przek\u0142adnia wyposa\u017cona w funkcj\u0119\u00a0<strong>Front Dig<\/strong>\u00a0trzeciego kana\u0142u, kt\u00f3ra umo\u017cliwi zablokowanie tylnej osi za pomoc\u0105 nadajnika dla zmniejszenia promienia skr\u0119tu. Opcjonalnie mo\u017cna j\u0105 skonfigurowa\u0107 na dwie pr\u0119dko\u015bci z du\u017cym i ma\u0142ym prze\u0142o\u017ceniem poprzez przesuni\u0119cie Micro Dig Serva do po\u0142\u0105czenia dwubiegowego. Je\u015bli jest potrzeba stosowania funkcji przek\u0142adni dwubiegowej i funkcji Front Dig, wystarczy doda\u0107 dalsze serwo i nadajnik z conajmniej 4 kana\u0142ami (np. 5 kana\u0142owy Spektrum&#x2122; DX5).<\/p>\n<div class=\"image-container\">\n<div class=\"image-wrapper\"><img src=\"https:\/\/www.scorpio-polska.pl\/content\/descriptions\/axial\/transmission_950.jpg\" alt=\"Early Ford Bronco\" \/><\/div>\n<\/div>\n<p>W pe\u0142ni z\u0142o\u017cony RC model auta RTR jest wyposa\u017cony w nadajnik\u00a0<b>Spektrum&#x2122; DX3&#x2122;<\/b>\u00a0z ekskluzywn\u0105 technologi\u0105 DSMR\u00ae dla doskona\u0142ego zasi\u0119gu, reakcji i odporno\u015bci na zak\u0142\u00f3cenia. Jest r\u00f3wnie\u017c kompatybilny z telemetri\u0105 SMART dzi\u0119ki zainstalowanym komponentom, regulatorowi i odbiornikowi Spektrum Firma&#x2122; Smart 40A. Korzystaj\u0105c z pakietu akumulator\u00f3w Spektrum Smart LiPol, mo\u017cna monitorowa\u0107 pojemno\u015b\u0107 akumulatora na monitorze nadajnika podczas jazdy w ka\u017cdych warunkach pogodowych i na r\u00f3\u017cnych trasach &#8211; elektronika jest chroniona przez wodoodporn\u0105 pow\u0142ok\u0119.<\/p>\n<div class=\"image-container\">\n<div class=\"image-wrapper\"><img src=\"https:\/\/www.scorpio-polska.pl\/content\/descriptions\/axial\/AXI03014_a03.jpg\" alt=\"Early Ford Bronco\" \/><\/div>\n<\/div>\n<p>Dzi\u0119ki wytrzyma\u0142ej konstrukcji Axial\u00ae i ikonicznej stylistyce Forda,\u00a0<strong>SCX10&#x2122; III Early Ford Bronco 4WD RTR<\/strong>\u00a0jest stworzony do przyg\u00f3d w trudnym terenie. Wystarczy doda\u0107 kompatybilne akumulatory i gotowe!<\/p>\n<h4>W\u0142asno\u015bci Axial\u00ae SCX10&#x2122; III Early Ford Bronco<\/h4>\n<ul>\n<li>Oficjalnie licencjonowane nadwozie Early Ford Bronco z realistyczn\u0105 klatk\u0105, funkcjonalnymi drzwiami rurowymi i mn\u00f3stwem detali<\/li>\n<li>Sztywne osie AR45 z przesuni\u0119tym przednim mechanizmem r\u00f3\u017cnicowym dla makietowego wygl\u0105du i niskiego \u015brodka ci\u0119\u017cko\u015bci<\/li>\n<li>Funkcja Front Dig umo\u017cliwia zablokowanie tylnej osi w celu uzyskania mniejszego promienia skr\u0119tu<\/li>\n<li>Opcja 2-biegowej skrzyni bieg\u00f3w pozwala zwi\u0119kszy\u0107 pr\u0119dko\u015b\u0107 o oko\u0142o 20% (funkcja 2-biegowa i Front Dig z 4-kana\u0142owym nadajnikiem)<\/li>\n<li>Replika silnika 5.0L V8, skrzynia bieg\u00f3w i przek\u0142adnia chroni\u0105 silnik i poprawiaj\u0105 makietowy wygl\u0105d<\/li>\n<li>Autentyczne os\u0142ony b\u0142otnik\u00f3w i zderzak\u00f3w chroni\u0105 karoseri\u0119 przed uszkodzeniami<\/li>\n<li>Wk\u0142adki b\u0142otnik\u00f3w i boki pod\u0142ogi ukrywaj\u0105 wewn\u0119trzne elementy normalnie widoczne od strony podwozia<\/li>\n<li>Otwarte wn\u0119trze jest pe\u0142ne detali, w tym fotele, deska rozdzielcza, kierownica z kolumn\u0105, d\u017awignia zmiany bieg\u00f3w i peda\u0142y<\/li>\n<li>Zewn\u0119trzne detale nadwozia obejmuj\u0105 tablice rejestracyjne, reflektory, \u015bwiat\u0142a tylne, wycieraczki przedniej szyby i os\u0142on\u0119 na masce silnika<\/li>\n<li>Odbiornik Spektrum&#x2122; Smart z wbudowanym regulatorem dostarcza dane telemetryczne do nadajnika DX3<\/li>\n<li>Uchwyt na akumulatory mie\u015bci standardowe akumulatory LiPol lub NiMH<\/li>\n<li>Rozstaw osi mo\u017ce by\u0107 dostosowany do innych d\u0142ugo\u015bci nadwozia (11.4&#8243;, 12.0&#8243;, 12.3&#8243;)<\/li>\n<li>Wielopunktowa geometria zawieszenia i sztywne osie AR45 redukuj\u0105 skr\u0119canie momentu obrotowego i poprawiaj\u0105 wygl\u0105d<\/li>\n<li>3-cz\u0119\u015bciowe ko\u0142a z blokad\u0105 w stylu retro pozwalaj\u0105 na bezklejow\u0105 wymian\u0119 opon<\/li>\n<li>Licencjonowana replika opon Falken Wildpeak M\/T 1.9 jest realistyczna i zapewnia lepsz\u0105 przyczepno\u015b\u0107 podczas jazdy w zr\u00f3\u017cnicowanym terenie<\/li>\n<li>Zderzaki Off-Road o optymalnym k\u0105cie natarcia posiadaj\u0105 otw\u00f3r monta\u017cowy do wyci\u0105garki<\/li>\n<li>Regulowane amortyzatory olejowe maj\u0105 anodowane gwintowane korpusy, regulowany nacisk spr\u0119\u017cyny i kapturek emulsji ze \u015brub\u0105<\/li>\n<li>Serwo i odbiornik\/reg. Spektrum&#x2122; s\u0105 wodoodporne i gotowe do jazdy w ka\u017cdych warunkach pogodowych<\/li>\n<\/ul>\n<div class=\"block-2\">\n<section class=\"block-item\">\n<div class=\"image\"><img src=\"https:\/\/www.scorpio-polska.pl\/content\/descriptions\/axial\/AXI03014_b01.jpg\" alt=\"axial\/AXI03014_b01.jpg\" \/><\/div>\n<div class=\"text\">\n<h4>Makietowa karoseria FORD BRONCO<\/h4>\n<p>Na szczeg\u00f3\u0142owej i oficjalnie licencjonowanej karoserii Bronco znajduje si\u0119 wiele makietowych detali, w tym oddzielnie montowana przednia szyba i funkcjonalne drzwi rurowe. Mocowania nadwozia zosta\u0142y starannie ukryte na tej &#8220;ultra makiecie&#8221;. Dost\u0119pne s\u0105 r\u00f3wnie\u017c opcjonalne mocowania do innych karoserii.<\/p>\n<\/div>\n<\/section>\n<section class=\"block-item\">\n<div class=\"image\"><img src=\"https:\/\/www.scorpio-polska.pl\/content\/descriptions\/axial\/AXI03014_b02.jpg\" alt=\"axial\/AXI03014_b02.jpg\" \/><\/div>\n<div class=\"text\">\n<h4>Makietowa karoseria FORD BRONCO<\/h4>\n<p>Realistyczna, formowana kompozytowo klatka nadwozia zawiera mocowania dla funkcjonalnej opony zapasowej i\u00a0Axial zestaw monta\u017cowy o\u015bwietlenia LED\u00a0(sprzedawany oddzielnie).<\/p>\n<\/div>\n<\/section>\n<section class=\"block-item\">\n<div class=\"image\"><img src=\"https:\/\/www.scorpio-polska.pl\/content\/descriptions\/axial\/AXI03014_b03.jpg\" alt=\"axial\/AXI03014_b03.jpg\" \/><\/div>\n<div class=\"text\">\n<h4>Makietowa karoseria FORD BRONCO<\/h4>\n<p>Wstawki b\u0142otnik\u00f3w i boki pod\u0142ogi ukrywaj\u0105 wewn\u0119trzne elementy podwozia, kt\u00f3re w innym przypadku by\u0142yby widoczne na podwoziu. Pomagaj\u0105 one r\u00f3wnie\u017c chroni\u0107 wn\u0119trze nadwozia i zawieraj\u0105 punkty monta\u017cowe dla wielokolorowych \u015bwiate\u0142 Axial\u00ae SCX10&#x2122; III LED Rock Lights ze sterownikiem (sprzedawane oddzielnie).<\/p>\n<\/div>\n<\/section>\n<section class=\"block-item\">\n<div class=\"image\"><img src=\"https:\/\/www.scorpio-polska.pl\/content\/descriptions\/axial\/AXI03014_b04.jpg\" alt=\"axial\/AXI03014_b04.jpg\" \/><\/div>\n<div class=\"text\">\n<h4>Ochrona b\u0142otnik\u00f3w i nadkoli<\/h4>\n<p>Podwozie Bronco zawiera b\u0142otniki przednich i tylnych k\u00f3\u0142, os\u0142ony nadkoli oraz os\u0142ony zderzak\u00f3w, kt\u00f3re chroni\u0105 nadwozie przed urazami. Karoseria mocowana jest za pomoc\u0105 4 klips\u00f3w od spodu karoserii, dzi\u0119ki czemu nie s\u0105 one widoczne i nie zak\u0142\u00f3caj\u0105 wygl\u0105du.<\/p>\n<\/div>\n<\/section>\n<section class=\"block-item\">\n<div class=\"image\"><img src=\"https:\/\/www.scorpio-polska.pl\/content\/descriptions\/axial\/AXI03014_b05.jpg\" alt=\"axial\/AXI03014_b05.jpg\" \/><\/div>\n<div class=\"text\">\n<h4>Makietowe detale karoserii<\/h4>\n<p>Liczne detale zewn\u0119trzne uzupe\u0142niaj\u0105 autentyczny wygl\u0105d karoserii Early Ford Bronco. Wliczone s\u0105 przednia maska, tablica rejestracyjna, reflektory, wlot powietrza, tylne \u015bwiat\u0142a i wycieraczki i wi\u0119cej.<\/p>\n<\/div>\n<\/section>\n<section class=\"block-item\">\n<div class=\"image\"><img src=\"https:\/\/www.scorpio-polska.pl\/content\/descriptions\/axial\/AXI03014_b06.jpg\" alt=\"axial\/AXI03014_b06.jpg\" \/><\/div>\n<div class=\"text\">\n<h4>Otwarta 2-drzwiowa karoseria<\/h4>\n<p>Po zajrzeniu do wn\u0119trza dwudrzwiowego nadwozia wzrok przykuwa kilka makietowych detali. Wiernie wyprofilowane fotele, deska rozdzielcza z zegarami, radiem i schowkiem, kierownica z kolumn\u0105, \u0142opatki do zmiany bieg\u00f3w i peda\u0142y s\u0105 w standardzie.<\/p>\n<\/div>\n<\/section>\n<section class=\"block-item\">\n<div class=\"image\"><img src=\"https:\/\/www.scorpio-polska.pl\/content\/descriptions\/axial\/AXI03014_b07.jpg\" alt=\"axial\/AXI03014_b07.jpg\" \/><\/div>\n<div class=\"text\">\n<h4>Makietowa obudowa silnika 5.0L V8<\/h4>\n<p>Wierna makieta silnika V8 ze skrzyni\u0105 bieg\u00f3w celowo ukrywa i chroni silnik elektryczny Axial\u00ae 35T, jednocze\u015bnie podkre\u015blaj\u0105c realistyczny wygl\u0105d podwozia i jednostki silnikowej.<\/p>\n<\/div>\n<\/section>\n<section class=\"block-item\">\n<div class=\"image\"><img src=\"https:\/\/www.scorpio-polska.pl\/content\/descriptions\/axial\/AXI03014_b08.jpg\" alt=\"axial\/AXI03014_b08.jpg\" \/><\/div>\n<div class=\"text\">\n<h4>Dwu-biegowa przek\u0142adnia z funkcj\u0105 DIG<\/h4>\n<p>Zestaw wyposa\u017cony jest w dwubiegow\u0105 przek\u0142adni\u0119 oraz funkcj\u0119 DIG. Do modelu do\u0142\u0105czony jest 3-kana\u0142owa aparatura RC. Zdalne sterowanie serwomechanizmem funkcji DIG jest standardem. Serwomechanizm na trzecim kanale mo\u017ce by\u0107 przekszta\u0142cony w przek\u0142adni\u0119, dzi\u0119ki czemu dost\u0119pna jest funkcja przek\u0142adni dwubiegowej. Je\u015bli chcesz zdalnie sterowa\u0107 obiema funkcjami, musisz u\u017cy\u0107 4-kana\u0142owego nadajnika RC z modulacj\u0105 DSMR\/DSM2 i mikro serwomechanizmem &#8211;\u00a0SPMSSX107\u00a0<em>(w pakiecie z serwomechanizmem znajduje si\u0119 specjalny wieloklin do serwo savera).<\/em><\/p>\n<\/div>\n<\/section>\n<section class=\"block-item\">\n<div class=\"image\"><img src=\"https:\/\/www.scorpio-polska.pl\/content\/descriptions\/axial\/AXI03014_b09.jpg\" alt=\"axial\/AXI03014_b09.jpg\" \/><\/div>\n<div class=\"text\">\n<h4>Nadajnik SPEKTRUM&#x2122; DX3&#x2122; 2,4 GHz DSMR\u00ae<\/h4>\n<p>Zawarty w zestawie nadajnik Spektrum DX3 wyposa\u017cony jest w ekskluzywn\u0105 technologi\u0119 DSMR\u00ae zapewniaj\u0105c\u0105 doskona\u0142y zasi\u0119g, reakcj\u0119 i odporno\u015b\u0107 na zak\u0142\u00f3cenia. Jest r\u00f3wnie\u017c w pe\u0142ni kompatybilny z potencja\u0142em telemetrii SMART dostarczanym przez zainstalowany odbiornik Spektrum Firma&#x2122; Smart.<\/p>\n<\/div>\n<\/section>\n<section class=\"block-item\">\n<div class=\"image\"><img src=\"https:\/\/www.scorpio-polska.pl\/content\/descriptions\/axial\/AXI03014_b10.jpg\" alt=\"axial\/AXI03014_b10.jpg\" \/><\/div>\n<div class=\"text\">\n<h4>Jednostka steruj\u0105ca SPEKTRUM&#x2122; FIRMA&#x2122; SMART 40A<\/h4>\n<p>U\u017cywaj\u0105c akumulatora Spektrum Smart LiPol, z do\u0142\u0105czonym nadajnikiem i odbiornikiem obs\u0142uguj\u0105cym technologi\u0119 Smart, mo\u017cna monitorowa\u0107 pojemno\u015b\u0107 akumulatora na wska\u017aniku LED napi\u0119cia nadajnika.<\/p>\n<\/div>\n<\/section>\n<section class=\"block-item\">\n<div class=\"image\"><img src=\"https:\/\/www.scorpio-polska.pl\/content\/descriptions\/axial\/AXI03014_b11.jpg\" alt=\"axial\/AXI03014_b11.jpg\" \/><\/div>\n<div class=\"text\">\n<h4>Spektrum serwo kierunku S614 MG WP 23T<\/h4>\n<p>Serwo skr\u0119tu z wysokim momentem obrotowym, metalowymi ko\u0142ami z\u0119batymi i metalow\u0105 obudow\u0105 jest wodoodporne* do jazdy w ka\u017cdej pogodzie i warunkach.<\/p>\n<\/div>\n<\/section>\n<section class=\"block-item\">\n<div class=\"image\"><img src=\"https:\/\/www.scorpio-polska.pl\/content\/descriptions\/axial\/AXI03014_b12.jpg\" alt=\"axial\/AXI03014_b12.jpg\" \/><\/div>\n<div class=\"text\">\n<h4>Sta\u0142e osie z blokad\u0105 przedniego dyferencja\u0142u<\/h4>\n<p>Aby uzyska\u0107 doskona\u0142y makietowy wygl\u0105d i ni\u017cszy \u015brodek ci\u0119\u017cko\u015bci, Early Ford Bronco wykorzystuje przedni\u0105 i tyln\u0105 o\u015b AR45. Dost\u0119pna jest opcjonalna przek\u0142adnia z szybkim prze\u0142o\u017ceniem, dost\u0119pna oddzielnie,\u00a0Axial zestaw przek\u0142adni Overdrive 6-Bolt 27\/8.<\/p>\n<\/div>\n<\/section>\n<section class=\"block-item\">\n<div class=\"image\"><img src=\"https:\/\/www.scorpio-polska.pl\/content\/descriptions\/axial\/AXI03014_b13.jpg\" alt=\"axial\/AXI03014_b13.jpg\" \/><\/div>\n<div class=\"text\">\n<h4>4-punktowe zawieszenie<\/h4>\n<p>Geometria zawieszenia wykorzystuje 4-punktow\u0105 konstrukcj\u0119 zawieszenia, kt\u00f3ra zosta\u0142a zoptymalizowana do jazdy w terenie. Du\u017ca skr\u0119tno\u015b\u0107 osi, sztywno\u015b\u0107 anodowanej aluminiowej konstrukcji belki i masywne sworznie kuliste gwarantuj\u0105 u\u017cytkowanie w terenie, z kt\u00f3rym zwyk\u0142y samoch\u00f3d nie by\u0142by w stanie sobie poradzi\u0107.<\/p>\n<\/div>\n<\/section>\n<section class=\"block-item\">\n<div class=\"image\"><img src=\"https:\/\/www.scorpio-polska.pl\/content\/descriptions\/axial\/AXI03014_b14.jpg\" alt=\"axial\/AXI03014_b14.jpg\" \/><\/div>\n<div class=\"text\">\n<h4>Aluminiowe regulowane amortyzatory<\/h4>\n<p>Olejowe, aluminiowe, anodowane amortyzatory maj\u0105 regulowanie napr\u0119\u017cenie wst\u0119pne spr\u0119\u017cyn, korek ze \u015brub\u0105 odpowietrzaj\u0105c\u0105 dla \u0142atwiejszego nape\u0142niania i niezawodnego t\u0142umienia we wszystkich pozycjach wahacza.<\/p>\n<\/div>\n<\/section>\n<section class=\"block-item\">\n<div class=\"image\"><img src=\"https:\/\/www.scorpio-polska.pl\/content\/descriptions\/axial\/AXI03014_b15.jpg\" alt=\"axial\/AXI03014_b15.jpg\" \/><\/div>\n<div class=\"text\">\n<h4>Lo\u017ce akumulatora<\/h4>\n<p>Komora akumulator SCX10&#x2122; III Early Ford Bronco mie\u015bci standardowe pakiety akumulator\u00f3w LiPol lub NiMH z konektorami IC3\/EC3.<\/p>\n<\/div>\n<\/section>\n<section class=\"block-item\">\n<div class=\"image\"><img src=\"https:\/\/www.scorpio-polska.pl\/content\/descriptions\/axial\/AXI03014_b16.jpg\" alt=\"axial\/AXI03014_b16.jpg\" \/><\/div>\n<div class=\"text\">\n<h4>Regulowany rozstaw osi podwozia<\/h4>\n<p>Podwozie SCX10&#x2122; III posiada regulowany rozstaw osi, kt\u00f3ry umo\u017cliwia dopasowanie rozmiaru podwozia do nadwozia dost\u0119pnego w cz\u0119\u015bciach zamiennych w zakresie rozstawu osi 11,4&#8243;, 12,0&#8243;, 12,3&#8243;.<\/p>\n<\/div>\n<\/section>\n<section class=\"block-item\">\n<div class=\"image\"><img src=\"https:\/\/www.scorpio-polska.pl\/content\/descriptions\/axial\/AXI03014_b17.jpg\" alt=\"axial\/AXI03014_b17.jpg\" \/><\/div>\n<div class=\"text\">\n<h4>Ko\u0142a Beadlock w stylu Retro<\/h4>\n<p>Early Ford Bronco jest wyposa\u017cony w 3-cz\u0119\u015bciowe ko\u0142a Beadlock, kt\u00f3re s\u0105 replik\u0105 prawid\u0142owych k\u00f3\u0142 &#8220;slot mag&#8221; z epoki. Dzi\u0119ki temu nie tylko odpowiednio uzupe\u0142nia nadwozie, ale r\u00f3wnie\u017c umo\u017cliwia \u0142atwy monta\u017c, demonta\u017c i wymian\u0119 opon bez konieczno\u015bci klejenia. W zestawie znajduj\u0105 si\u0119 r\u00f3wnie\u017c przykr\u0119cane os\u0142ony k\u00f3\u0142 w stylu knock-off.<\/p>\n<\/div>\n<\/section>\n<section class=\"block-item\">\n<div class=\"image\"><img src=\"https:\/\/www.scorpio-polska.pl\/content\/descriptions\/axial\/AXI03014_b18.jpg\" alt=\"axial\/AXI03014_b18.jpg\" \/><\/div>\n<div class=\"text\">\n<h4>Licencjonowane opony 1.9<\/h4>\n<p>Repliki opon Falken Wildpeak M\/T 1.9 s\u0105 realistyczne i maj\u0105 doskna\u0142\u0105 przyczepno\u015b\u0107 do \u0142a\u017cenia po ska\u0142ach i g\u00f3rkach. Auto ma r\u00f3wnie\u017c zapasowe ko\u0142o Axial\u00ae, przygotowane do uzycia.<\/p>\n<\/div>\n<\/section>\n<section class=\"block-item\">\n<div class=\"image\"><img src=\"https:\/\/www.scorpio-polska.pl\/content\/descriptions\/axial\/AXI03014_b19.jpg\" alt=\"axial\/AXI03014_b19.jpg\" \/><\/div>\n<div class=\"text\">\n<h4>Zderzaki do Off Road<\/h4>\n<p>Zderzaki zosta\u0142y skonstruowane z optymalnym k\u0105tem najazdu do wspinaczki po ska\u0142ach i nier\u00f3wnym terenie. Przedni zderzak posiada otw\u00f3r do monta\u017cu wyci\u0105garki i o\u015bwietlenia cz\u0119\u015bci alternatywnych. Zainstalowane s\u0105 przednie i tylne tablice rejestracyjne dla zwi\u0119kszenia realizmu podczas jazdy.<\/p>\n<\/div>\n<\/section>\n<section class=\"block-item\">\n<div class=\"image\"><img src=\"https:\/\/www.scorpio-polska.pl\/content\/descriptions\/axial\/AXI03014_b20.jpg\" alt=\"axial\/AXI03014_b20.jpg\" \/><\/div>\n<div class=\"text\">\n<h4>Wodoodporna elektronika*<\/h4>\n<p>Dzi\u0119ki wodoodpornej* elektronice Spektrum&#x2122;, SCX10&#x2122; III Early Ford Bronco jest gotowy do jazdy w ka\u017cdej pogodzie i warunkach.<\/p>\n<\/div>\n<\/section>\n<\/div>\n<div class=\"image-container\">\n<div class=\"image-wrapper\"><img src=\"https:\/\/www.scorpio-polska.pl\/content\/descriptions\/axial\/AXI03014_a04.jpg\" alt=\"Early Ford Bronco\" \/><\/div>\n<\/div>\n<h3>Polecamy zakup<\/h3>\n<p>Akumulator nap\u0119dowy i odpowiedni\u0105 \u0142adowark\u0119 akumulatora nap\u0119dowego.<\/p>\n","protected":false},"excerpt":{"rendered":"<p>&nbsp;<\/p>\n<h4>Axial SCX10 III Early Ford Bronco 4WD 1:10<\/h4>\n<div>Marka:\u00a0<b>Axial<\/b><\/div>\n<div>Kod towaru:\u00a0<b>AXI03014B<\/b><\/div>\n","protected":false},"featured_media":6736,"comment_status":"open","ping_status":"closed","template":"","meta":{"_s2mail":""},"product_cat":[590,497],"product_tag":[591,572],"_links":{"self":[{"href":"https:\/\/sklep.aveos.pl\/index.php\/wp-json\/wp\/v2\/product\/6731"}],"collection":[{"href":"https:\/\/sklep.aveos.pl\/index.php\/wp-json\/wp\/v2\/product"}],"about":[{"href":"https:\/\/sklep.aveos.pl\/index.php\/wp-json\/wp\/v2\/types\/product"}],"replies":[{"embeddable":true,"href":"https:\/\/sklep.aveos.pl\/index.php\/wp-json\/wp\/v2\/comments?post=6731"}],"wp:featuredmedia":[{"embeddable":true,"href":"https:\/\/sklep.aveos.pl\/index.php\/wp-json\/wp\/v2\/media\/6736"}],"wp:attachment":[{"href":"https:\/\/sklep.aveos.pl\/index.php\/wp-json\/wp\/v2\/media?parent=6731"}],"wp:term":[{"taxonomy":"product_cat","embeddable":true,"href":"https:\/\/sklep.aveos.pl\/index.php\/wp-json\/wp\/v2\/product_cat?post=6731"},{"taxonomy":"product_tag","embeddable":true,"href":"https:\/\/sklep.aveos.pl\/index.php\/wp-json\/wp\/v2\/product_tag?post=6731"}],"curies":[{"name":"wp","href":"https:\/\/api.w.org\/{rel}","templated":true}]}}